{"id":959,"date":"2020-11-30T13:59:21","date_gmt":"2020-11-30T13:59:21","guid":{"rendered":"\/docs-mcloud\/hilfe\/zielgruppendefinition\/layout-der-zielgruppe\/"},"modified":"2023-08-31T10:00:30","modified_gmt":"2023-08-31T10:00:30","slug":"layout-der-zielgruppe","status":"publish","type":"page","link":"\/docs-mcloud\/hilfe\/zielgruppe\/layout-der-zielgruppe\/","title":{"rendered":"Layout der Zielgruppe"},"content":{"rendered":"\n<p>\u00dcber den Men\u00fcpunkt <em>Layout <\/em>\u00f6ffnet sich das Fenster zur Festlegung des Zielgruppen-Layouts. Die hier festgelegte Darstellung gilt f\u00fcr die Filterzielgruppen in den jeweiligen Modulen.<\/p>\n\n\n\n<figure class=\"wp-block-image size-large\"><a href=\"\/docs-mcloud\/wp-content\/uploads\/sites\/4\/2020\/11\/ZGLayout1.png\"><img loading=\"lazy\" decoding=\"async\" width=\"494\" height=\"205\" src=\"\/docs-mcloud\/wp-content\/uploads\/sites\/4\/2020\/11\/ZGLayout1.png\" alt=\"\" class=\"wp-image-961\" srcset=\"\/docs-mcloud\/wp-content\/uploads\/sites\/4\/2020\/11\/ZGLayout1.png 494w, \/docs-mcloud\/wp-content\/uploads\/sites\/4\/2020\/11\/ZGLayout1-300x124.png 300w\" sizes=\"auto, (max-width: 494px) 100vw, 494px\" \/><\/a><\/figure>\n\n\n\n<h2 class=\"wp-block-heading\">\u00dcberschriften aus Codeplan<\/h2>\n\n\n\n<p>Die Anzahl der \u00dcberschriften, die f\u00fcr die Zielgruppenbeschreibung verwendet werden soll, kann f\u00fcr jede einzelne Zielgruppe vorgegeben werden.<\/p>\n\n\n\n<figure class=\"wp-block-image size-large\"><a href=\"\/docs-mcloud\/wp-content\/uploads\/sites\/4\/2020\/11\/ZGLayout2.png\"><img loading=\"lazy\" decoding=\"async\" width=\"502\" height=\"82\" src=\"\/docs-mcloud\/wp-content\/uploads\/sites\/4\/2020\/11\/ZGLayout2.png\" alt=\"\" class=\"wp-image-962\" srcset=\"\/docs-mcloud\/wp-content\/uploads\/sites\/4\/2020\/11\/ZGLayout2.png 502w, \/docs-mcloud\/wp-content\/uploads\/sites\/4\/2020\/11\/ZGLayout2-300x49.png 300w\" sizes=\"auto, (max-width: 502px) 100vw, 502px\" \/><\/a><\/figure>\n\n\n\n<figure class=\"wp-block-image size-large\"><a href=\"\/docs-mcloud\/wp-content\/uploads\/sites\/4\/2020\/11\/ZGLayout3.png\"><img loading=\"lazy\" decoding=\"async\" width=\"506\" height=\"87\" src=\"\/docs-mcloud\/wp-content\/uploads\/sites\/4\/2020\/11\/ZGLayout3.png\" alt=\"\" class=\"wp-image-963\" srcset=\"\/docs-mcloud\/wp-content\/uploads\/sites\/4\/2020\/11\/ZGLayout3.png 506w, \/docs-mcloud\/wp-content\/uploads\/sites\/4\/2020\/11\/ZGLayout3-300x52.png 300w\" sizes=\"auto, (max-width: 506px) 100vw, 506px\" \/><\/a><\/figure>\n\n\n\n<h2 class=\"wp-block-heading\">Merkmale gruppieren<\/h2>\n\n\n\n<p>Diese Option sollte standardm\u00e4\u00dfig aktiviert bleiben, damit die automatische Verkn\u00fcpfungslogik angewendet wird:<\/p>\n\n\n\n<p>Codepunkte eines Merkmals werden mit ODER, Codepunkte aus unterschiedlichen Merkmalen werden mit UND verkn\u00fcpft.<\/p>\n\n\n\n<figure class=\"wp-block-image size-large\"><a href=\"\/docs-mcloud\/wp-content\/uploads\/sites\/4\/2020\/11\/ZGLayout4.png\"><img loading=\"lazy\" decoding=\"async\" width=\"502\" height=\"339\" src=\"\/docs-mcloud\/wp-content\/uploads\/sites\/4\/2020\/11\/ZGLayout4.png\" alt=\"\" class=\"wp-image-964\" srcset=\"\/docs-mcloud\/wp-content\/uploads\/sites\/4\/2020\/11\/ZGLayout4.png 502w, \/docs-mcloud\/wp-content\/uploads\/sites\/4\/2020\/11\/ZGLayout4-300x203.png 300w\" sizes=\"auto, (max-width: 502px) 100vw, 502px\" \/><\/a><\/figure>\n\n\n\n<p>Im oberen Beispiel werden die Teilzielgruppen sinnvoll verkn\u00fcpft: die Altersgruppen mit ODER, die Zielgruppen Alter und Geschlecht mit UND.<\/p>\n\n\n\n<p>Wird die Option nicht gew\u00e4hlt, werden alle Teilzielgruppen mit dem Operator ODER verkn\u00fcpft.<\/p>\n\n\n\n<figure class=\"wp-block-image size-large\"><a href=\"\/docs-mcloud\/wp-content\/uploads\/sites\/4\/2020\/11\/ZGLayout5.png\"><img loading=\"lazy\" decoding=\"async\" width=\"502\" height=\"181\" src=\"\/docs-mcloud\/wp-content\/uploads\/sites\/4\/2020\/11\/ZGLayout5.png\" alt=\"\" class=\"wp-image-965\" srcset=\"\/docs-mcloud\/wp-content\/uploads\/sites\/4\/2020\/11\/ZGLayout5.png 502w, \/docs-mcloud\/wp-content\/uploads\/sites\/4\/2020\/11\/ZGLayout5-300x108.png 300w\" sizes=\"auto, (max-width: 502px) 100vw, 502px\" \/><\/a><\/figure>\n\n\n\n<h2 class=\"wp-block-heading\">Codepunkte anzeigen<\/h2>\n\n\n\n<figure class=\"wp-block-image size-large\"><a href=\"\/docs-mcloud\/wp-content\/uploads\/sites\/4\/2020\/11\/Codes_anzeigen-1.png\"><img loading=\"lazy\" decoding=\"async\" width=\"499\" height=\"177\" src=\"\/docs-mcloud\/wp-content\/uploads\/sites\/4\/2020\/11\/Codes_anzeigen-1.png\" alt=\"\" class=\"wp-image-980\" srcset=\"\/docs-mcloud\/wp-content\/uploads\/sites\/4\/2020\/11\/Codes_anzeigen-1.png 499w, \/docs-mcloud\/wp-content\/uploads\/sites\/4\/2020\/11\/Codes_anzeigen-1-300x106.png 300w\" sizes=\"auto, (max-width: 499px) 100vw, 499px\" \/><\/a><\/figure>\n\n\n\n<p>Die Anzeige der internen Codes (hier Code 648.1 f\u00fcr M\u00e4nner) kann in der Layout-Maske deaktiviert werden.<\/p>\n\n\n\n<h2 class=\"wp-block-heading\">Ma\u00dfeinheiten des Potenzials<\/h2>\n\n\n\n<p>Die hier getroffene Auswahl gilt f\u00fcr die Darstellung der <em>Basis-Zielgruppe <\/em>im Tabellenfilter.<\/p>\n\n\n\n<p>Die Ma\u00dfeinheit Hochrechnung wird jeweils in den Auswertungsfeatures spezifiziert: \u00fcber das Symbol <img decoding=\"async\" class=\"wp-image-877\" style=\"width: 20px\" src=\"\/docs-mcloud\/wp-content\/uploads\/sites\/4\/2020\/11\/switch_up_down.svg\" alt=\"\"> kann zwischen Darstellung der <em>Hochrechnung in Tsd.<\/em> und <em>Hochrechnung in Mio.<\/em> umgeschaltet werden.<\/p>\n\n\n\n<figure class=\"wp-block-image size-large\"><a href=\"\/docs-mcloud\/wp-content\/uploads\/sites\/4\/2020\/11\/Umschalten_HR.png\"><img loading=\"lazy\" decoding=\"async\" width=\"204\" height=\"40\" src=\"\/docs-mcloud\/wp-content\/uploads\/sites\/4\/2020\/11\/Umschalten_HR.png\" alt=\"\" class=\"wp-image-976\" \/><\/a><\/figure>\n\n\n\n<p>Die \u00c4nderung der Ma\u00dfeinheiten f\u00fcr die Darstellung der Filterzielgruppe in den Modulen <a href=\"\/docs-mcloud\/hilfe\/tabellierung\/\">Tabellierung<\/a>, <a href=\"\/docs-mcloud\/hilfe\/rangreihe\/\">Rangreihe<\/a> etc. ist nur \u00fcber das Layout auf dem Registerblatt Zielgruppe m\u00f6glich.<\/p>\n","protected":false},"excerpt":{"rendered":"<p>\u00dcber den Men\u00fcpunkt Layout \u00f6ffnet sich das Fenster zur Festlegung des Zielgruppen-Layouts. Die hier festgelegte Darstellung gilt f\u00fcr die Filterzielgruppen in den jeweiligen Modulen. \u00dcberschriften aus Codeplan Die Anzahl der \u00dcberschriften, die f\u00fcr die Zielgruppenbeschreibung verwendet werden soll, kann f\u00fcr jede einzelne Zielgruppe vorgegeben werden. Merkmale gruppieren Diese Option sollte standardm\u00e4\u00dfig aktiviert bleiben, damit die [&hellip;]<\/p>\n","protected":false},"author":4,"featured_media":0,"parent":662,"menu_order":2,"comment_status":"closed","ping_status":"closed","template":"","meta":{"_acf_changed":false,"inline_featured_image":false,"footnotes":""},"class_list":["post-959","page","type-page","status-publish","hentry"],"acf":[],"_links":{"self":[{"href":"\/docs-mcloud\/wp-json\/wp\/v2\/pages\/959","targetHints":{"allow":["GET"]}}],"collection":[{"href":"\/docs-mcloud\/wp-json\/wp\/v2\/pages"}],"about":[{"href":"\/docs-mcloud\/wp-json\/wp\/v2\/types\/page"}],"author":[{"embeddable":true,"href":"\/docs-mcloud\/wp-json\/wp\/v2\/users\/4"}],"replies":[{"embeddable":true,"href":"\/docs-mcloud\/wp-json\/wp\/v2\/comments?post=959"}],"version-history":[{"count":9,"href":"\/docs-mcloud\/wp-json\/wp\/v2\/pages\/959\/revisions"}],"predecessor-version":[{"id":2199,"href":"\/docs-mcloud\/wp-json\/wp\/v2\/pages\/959\/revisions\/2199"}],"up":[{"embeddable":true,"href":"\/docs-mcloud\/wp-json\/wp\/v2\/pages\/662"}],"wp:attachment":[{"href":"\/docs-mcloud\/wp-json\/wp\/v2\/media?parent=959"}],"curies":[{"name":"wp","href":"https:\/\/api.w.org\/{rel}","templated":true}]}}

<p>Über den Menüpunkt <em>Layout </em>öffnet sich das Fenster zur Festlegung des Zielgruppen-Layouts. Die hier festgelegte Darstellung gilt für die Filterzielgruppen in den jeweiligen Modulen.</p>



<figure class="wp-block-image size-large"><a href="/docs-mcloud/wp-content/uploads/sites/4/2020/11/ZGLayout1.png"><img loading="lazy" decoding="async" width="494" height="205" src="/docs-mcloud/wp-content/uploads/sites/4/2020/11/ZGLayout1.png" alt="" class="wp-image-961" srcset="/docs-mcloud/wp-content/uploads/sites/4/2020/11/ZGLayout1.png 494w, /docs-mcloud/wp-content/uploads/sites/4/2020/11/ZGLayout1-300x124.png 300w" sizes="auto, (max-width: 494px) 100vw, 494px" /></a></figure>



<h2 class="wp-block-heading">Überschriften aus Codeplan</h2>



<p>Die Anzahl der Überschriften, die für die Zielgruppenbeschreibung verwendet werden soll, kann für jede einzelne Zielgruppe vorgegeben werden.</p>



<figure class="wp-block-image size-large"><a href="/docs-mcloud/wp-content/uploads/sites/4/2020/11/ZGLayout2.png"><img loading="lazy" decoding="async" width="502" height="82" src="/docs-mcloud/wp-content/uploads/sites/4/2020/11/ZGLayout2.png" alt="" class="wp-image-962" srcset="/docs-mcloud/wp-content/uploads/sites/4/2020/11/ZGLayout2.png 502w, /docs-mcloud/wp-content/uploads/sites/4/2020/11/ZGLayout2-300x49.png 300w" sizes="auto, (max-width: 502px) 100vw, 502px" /></a></figure>



<figure class="wp-block-image size-large"><a href="/docs-mcloud/wp-content/uploads/sites/4/2020/11/ZGLayout3.png"><img loading="lazy" decoding="async" width="506" height="87" src="/docs-mcloud/wp-content/uploads/sites/4/2020/11/ZGLayout3.png" alt="" class="wp-image-963" srcset="/docs-mcloud/wp-content/uploads/sites/4/2020/11/ZGLayout3.png 506w, /docs-mcloud/wp-content/uploads/sites/4/2020/11/ZGLayout3-300x52.png 300w" sizes="auto, (max-width: 506px) 100vw, 506px" /></a></figure>



<h2 class="wp-block-heading">Merkmale gruppieren</h2>



<p>Diese Option sollte standardmäßig aktiviert bleiben, damit die automatische Verknüpfungslogik angewendet wird:</p>



<p>Codepunkte eines Merkmals werden mit ODER, Codepunkte aus unterschiedlichen Merkmalen werden mit UND verknüpft.</p>



<figure class="wp-block-image size-large"><a href="/docs-mcloud/wp-content/uploads/sites/4/2020/11/ZGLayout4.png"><img loading="lazy" decoding="async" width="502" height="339" src="/docs-mcloud/wp-content/uploads/sites/4/2020/11/ZGLayout4.png" alt="" class="wp-image-964" srcset="/docs-mcloud/wp-content/uploads/sites/4/2020/11/ZGLayout4.png 502w, /docs-mcloud/wp-content/uploads/sites/4/2020/11/ZGLayout4-300x203.png 300w" sizes="auto, (max-width: 502px) 100vw, 502px" /></a></figure>



<p>Im oberen Beispiel werden die Teilzielgruppen sinnvoll verknüpft: die Altersgruppen mit ODER, die Zielgruppen Alter und Geschlecht mit UND.</p>



<p>Wird die Option nicht gewählt, werden alle Teilzielgruppen mit dem Operator ODER verknüpft.</p>



<figure class="wp-block-image size-large"><a href="/docs-mcloud/wp-content/uploads/sites/4/2020/11/ZGLayout5.png"><img loading="lazy" decoding="async" width="502" height="181" src="/docs-mcloud/wp-content/uploads/sites/4/2020/11/ZGLayout5.png" alt="" class="wp-image-965" srcset="/docs-mcloud/wp-content/uploads/sites/4/2020/11/ZGLayout5.png 502w, /docs-mcloud/wp-content/uploads/sites/4/2020/11/ZGLayout5-300x108.png 300w" sizes="auto, (max-width: 502px) 100vw, 502px" /></a></figure>



<h2 class="wp-block-heading">Codepunkte anzeigen</h2>



<figure class="wp-block-image size-large"><a href="/docs-mcloud/wp-content/uploads/sites/4/2020/11/Codes_anzeigen-1.png"><img loading="lazy" decoding="async" width="499" height="177" src="/docs-mcloud/wp-content/uploads/sites/4/2020/11/Codes_anzeigen-1.png" alt="" class="wp-image-980" srcset="/docs-mcloud/wp-content/uploads/sites/4/2020/11/Codes_anzeigen-1.png 499w, /docs-mcloud/wp-content/uploads/sites/4/2020/11/Codes_anzeigen-1-300x106.png 300w" sizes="auto, (max-width: 499px) 100vw, 499px" /></a></figure>



<p>Die Anzeige der internen Codes (hier Code 648.1 für Männer) kann in der Layout-Maske deaktiviert werden.</p>



<h2 class="wp-block-heading">Maßeinheiten des Potenzials</h2>



<p>Die hier getroffene Auswahl gilt für die Darstellung der <em>Basis-Zielgruppe </em>im Tabellenfilter.</p>



<p>Die Maßeinheit Hochrechnung wird jeweils in den Auswertungsfeatures spezifiziert: über das Symbol <img decoding="async" class="wp-image-877" style="width: 20px" src="/docs-mcloud/wp-content/uploads/sites/4/2020/11/switch_up_down.svg" alt=""> kann zwischen Darstellung der <em>Hochrechnung in Tsd.</em> und <em>Hochrechnung in Mio.</em> umgeschaltet werden.</p>



<figure class="wp-block-image size-large"><a href="/docs-mcloud/wp-content/uploads/sites/4/2020/11/Umschalten_HR.png"><img loading="lazy" decoding="async" width="204" height="40" src="/docs-mcloud/wp-content/uploads/sites/4/2020/11/Umschalten_HR.png" alt="" class="wp-image-976" /></a></figure>



<p>Die Änderung der Maßeinheiten für die Darstellung der Filterzielgruppe in den Modulen <a href="/docs-mcloud/hilfe/tabellierung/">Tabellierung</a>, <a href="/docs-mcloud/hilfe/rangreihe/">Rangreihe</a> etc. ist nur über das Layout auf dem Registerblatt Zielgruppe möglich.</p>

<p>Über den Menüpunkt Layout öffnet sich das Fenster zur Festlegung des Zielgruppen-Layouts. Die hier festgelegte Darstellung gilt für die Filterzielgruppen in den jeweiligen Modulen. Überschriften aus Codeplan Die Anzahl der Überschriften, die für die Zielgruppenbeschreibung verwendet werden soll, kann für jede einzelne Zielgruppe vorgegeben werden. Merkmale gruppieren Diese Option sollte standardmäßig aktiviert bleiben, damit die [&hellip;]</p>
