{"id":7,"date":"2020-09-23T08:04:59","date_gmt":"2020-09-23T08:04:59","guid":{"rendered":"\/docs-mcloud\/?page_id=7"},"modified":"2023-09-01T07:30:30","modified_gmt":"2023-09-01T07:30:30","slug":"faq","status":"publish","type":"page","link":"\/docs-mcloud\/faq\/","title":{"rendered":"FAQ"},"content":{"rendered":"\n<h2 class=\"wp-block-heading\">Allgemein<\/h2>\n\n\n\n<div class=\"wp-block-pb-accordion-item c-accordion__item js-accordion-item no-js\" data-initially-open=\"false\" data-click-to-close=\"true\" data-auto-close=\"true\" data-scroll=\"false\" data-scroll-offset=\"0\"><h2 id=\"at-70\" class=\"c-accordion__title js-accordion-controller\" role=\"button\">Meine gespeicherten Zielgruppen und Strukturen sind verschwunden. Wo finde ich sie wieder?<\/h2><div id=\"ac-70\" class=\"c-accordion__content\">\n<p>Es wurde ein neuer Jahrgang oder eine neue Welle der Studie bereitgestellt, in der Sie z\u00e4hlen. Ihre abgespeicherten Zielgruppen und Strukturen befinden sich standardm\u00e4\u00dfig in dem Ordner des Studienjahrgangs und der Welle der Studie, in der Sie die Zielgruppe oder Struktur abgespeichert haben. Wechseln Sie Ihr Standard-Verzeichnis auf den Ordner, in welchem Ihre Zielgruppen und Strukturen abgespeichert sind, um sie wieder angezeigt zu bekommen oder kopieren \/ verschieben Sie die gespeicherten Dateien in das aktuelle Standard-Verzeichnis. Weitere Informationen zum Thema Laden und Speichern finden Sie <a href=\"\/docs-mcloud\/hilfe\/programmoberflaeche\/laden-und-speichern\/\" data-type=\"page\" data-id=\"648\">hier<\/a>.<\/p>\n<\/div><\/div>\n\n\n\n<div class=\"wp-block-pb-accordion-item c-accordion__item js-accordion-item no-js\" data-initially-open=\"false\" data-click-to-close=\"true\" data-auto-close=\"true\" data-scroll=\"false\" data-scroll-offset=\"0\"><h2 id=\"at-71\" class=\"c-accordion__title js-accordion-controller\" role=\"button\">Wieso werden mir trotz gro\u00dfer Zielgruppe nur sehr wenig F\u00e4lle angezeigt?<\/h2><div id=\"ac-71\" class=\"c-accordion__content\">\n<p>\u00dcberpr\u00fcfen Sie, ob es sich bei dem Merkmal um eine numerische Variable handelt. Diese erkennen Sie an einer in grau dargestellten Zeile unterhalb des Merkmals. Per Klick auf das Stift-Symbol stehen Ihnen verschiedene Darstellungsm\u00f6glichkeiten numerischer Werte zur Verf\u00fcgung. Weitere Informationen zum Thema numerische Werte finden Sie <a href=\"\/docs-mcloud\/hilfe\/numerische-werte\/\">hier<\/a>.<\/p>\n<\/div><\/div>\n\n\n\n<h2 class=\"wp-block-heading\">Rangreihe<\/h2>\n\n\n\n<div class=\"wp-block-pb-accordion-item c-accordion__item js-accordion-item no-js\" data-initially-open=\"false\" data-click-to-close=\"true\" data-auto-close=\"true\" data-scroll=\"false\" data-scroll-offset=\"0\"><h2 id=\"at-72\" class=\"c-accordion__title js-accordion-controller\" role=\"button\">F\u00fcr eine Zeitung \/ Zeitschrift wird kein Preis angezeigt &#8211; f\u00fcr alle anderen hingegen schon. Gibt es f\u00fcr den Titel keinen Preis?<\/h2><div id=\"ac-72\" class=\"c-accordion__content\">\n<p>Nehmen Sie den Leistungswert <em>Format<\/em> in die Rangreihe auf. Steht unter Format f\u00fcr den Titel <em>Kein Tarif vorhanden<\/em>, gibt es f\u00fcr den Titel keine Preisinformationen. Steht dort jedoch <em>Preis f\u00fcr Format fehlt<\/em>, k\u00f6nnen Sie sich per Klick auf die Zelle des Formats im Reiter <em>Tarifblatt <\/em>alle f\u00fcr den Titel vorhandenen Preise anzeigen lassen.<\/p>\n\n\n\n<div class=\"wp-block-columns is-layout-flex wp-container-core-columns-is-layout-9d6595d7 wp-block-columns-is-layout-flex\">\n<div class=\"wp-block-column is-layout-flow wp-block-column-is-layout-flow\" style=\"flex-basis:66.66%\">\n<figure class=\"wp-block-image size-large\"><a href=\"\/docs-mcloud\/wp-content\/uploads\/sites\/4\/2021\/04\/Format-1.png\"><img loading=\"lazy\" decoding=\"async\" width=\"827\" height=\"685\" src=\"\/docs-mcloud\/wp-content\/uploads\/sites\/4\/2021\/04\/Format-1.png\" alt=\"\" class=\"wp-image-2295\" srcset=\"\/docs-mcloud\/wp-content\/uploads\/sites\/4\/2021\/04\/Format-1.png 827w, \/docs-mcloud\/wp-content\/uploads\/sites\/4\/2021\/04\/Format-1-300x248.png 300w, \/docs-mcloud\/wp-content\/uploads\/sites\/4\/2021\/04\/Format-1-768x636.png 768w\" sizes=\"auto, (max-width: 827px) 100vw, 827px\" \/><\/a><\/figure>\n<\/div>\n\n\n\n<div class=\"wp-block-column is-layout-flow wp-block-column-is-layout-flow\" style=\"flex-basis:33.33%\">\n<p>W\u00e4hlen Sie das gew\u00fcnschte Format aus und best\u00e4tigen Sie mit <em>OK<\/em>. Das gew\u00e4hlte Format wird farblich hervorgehoben angezeigt.<\/p>\n\n\n\n<figure class=\"wp-block-image size-large\"><a href=\"\/docs-mcloud\/wp-content\/uploads\/sites\/4\/2021\/04\/Format2-1.png\"><img loading=\"lazy\" decoding=\"async\" width=\"204\" height=\"135\" src=\"\/docs-mcloud\/wp-content\/uploads\/sites\/4\/2021\/04\/Format2-1.png\" alt=\"\" class=\"wp-image-2296\"\/><\/a><\/figure>\n<\/div>\n<\/div>\n\n\n\n<p>Sie k\u00f6nnen auch das Format f\u00fcr alle Titel der Gattung anpassen, indem Sie in der Infobar das <a href=\"\/docs-mcloud\/hilfe\/rangreihe\/tarife\/\">Anzeigenformat<\/a> der Gattung wechseln.<\/p>\n<\/div><\/div>\n\n\n\n<h2 class=\"wp-block-heading\">Streuplan<\/h2>\n\n\n\n<div class=\"wp-block-pb-accordion-item c-accordion__item js-accordion-item no-js\" data-initially-open=\"false\" data-click-to-close=\"true\" data-auto-close=\"true\" data-scroll=\"false\" data-scroll-offset=\"0\"><h2 id=\"at-73\" class=\"c-accordion__title js-accordion-controller\" role=\"button\">Wieso kann ich meinen erstellten Plan nur noch l\u00f6schen?<\/h2><div id=\"ac-73\" class=\"c-accordion__content\">\n<p>Es ist ein weiterer Plan markiert. Dr\u00fccken Sie <em>esc<\/em> oder klicken Sie auf den markierten Plan, um diesen abzuw\u00e4hlen. Anschlie\u00dfend steht Ihnen wieder das gesamte Kontextmen\u00fc zur Verf\u00fcgung.<\/p>\n<\/div><\/div>\n","protected":false},"excerpt":{"rendered":"<p>Allgemein Rangreihe Streuplan<\/p>\n","protected":false},"author":1,"featured_media":0,"parent":0,"menu_order":3,"comment_status":"closed","ping_status":"closed","template":"","meta":{"_acf_changed":false,"inline_featured_image":false,"footnotes":""},"class_list":["post-7","page","type-page","status-publish","hentry"],"acf":[],"_links":{"self":[{"href":"\/docs-mcloud\/wp-json\/wp\/v2\/pages\/7","targetHints":{"allow":["GET"]}}],"collection":[{"href":"\/docs-mcloud\/wp-json\/wp\/v2\/pages"}],"about":[{"href":"\/docs-mcloud\/wp-json\/wp\/v2\/types\/page"}],"author":[{"embeddable":true,"href":"\/docs-mcloud\/wp-json\/wp\/v2\/users\/1"}],"replies":[{"embeddable":true,"href":"\/docs-mcloud\/wp-json\/wp\/v2\/comments?post=7"}],"version-history":[{"count":12,"href":"\/docs-mcloud\/wp-json\/wp\/v2\/pages\/7\/revisions"}],"predecessor-version":[{"id":2606,"href":"\/docs-mcloud\/wp-json\/wp\/v2\/pages\/7\/revisions\/2606"}],"wp:attachment":[{"href":"\/docs-mcloud\/wp-json\/wp\/v2\/media?parent=7"}],"curies":[{"name":"wp","href":"https:\/\/api.w.org\/{rel}","templated":true}]}}

<h2 class="wp-block-heading">Allgemein</h2>



<div class="wp-block-pb-accordion-item c-accordion__item js-accordion-item no-js" data-initially-open="false" data-click-to-close="true" data-auto-close="true" data-scroll="false" data-scroll-offset="0"><h2 id="at-70" class="c-accordion__title js-accordion-controller" role="button">Meine gespeicherten Zielgruppen und Strukturen sind verschwunden. Wo finde ich sie wieder?</h2><div id="ac-70" class="c-accordion__content">
<p>Es wurde ein neuer Jahrgang oder eine neue Welle der Studie bereitgestellt, in der Sie zählen. Ihre abgespeicherten Zielgruppen und Strukturen befinden sich standardmäßig in dem Ordner des Studienjahrgangs und der Welle der Studie, in der Sie die Zielgruppe oder Struktur abgespeichert haben. Wechseln Sie Ihr Standard-Verzeichnis auf den Ordner, in welchem Ihre Zielgruppen und Strukturen abgespeichert sind, um sie wieder angezeigt zu bekommen oder kopieren / verschieben Sie die gespeicherten Dateien in das aktuelle Standard-Verzeichnis. Weitere Informationen zum Thema Laden und Speichern finden Sie <a href="/docs-mcloud/hilfe/programmoberflaeche/laden-und-speichern/" data-type="page" data-id="648">hier</a>.</p>
</div></div>



<div class="wp-block-pb-accordion-item c-accordion__item js-accordion-item no-js" data-initially-open="false" data-click-to-close="true" data-auto-close="true" data-scroll="false" data-scroll-offset="0"><h2 id="at-71" class="c-accordion__title js-accordion-controller" role="button">Wieso werden mir trotz großer Zielgruppe nur sehr wenig Fälle angezeigt?</h2><div id="ac-71" class="c-accordion__content">
<p>Überprüfen Sie, ob es sich bei dem Merkmal um eine numerische Variable handelt. Diese erkennen Sie an einer in grau dargestellten Zeile unterhalb des Merkmals. Per Klick auf das Stift-Symbol stehen Ihnen verschiedene Darstellungsmöglichkeiten numerischer Werte zur Verfügung. Weitere Informationen zum Thema numerische Werte finden Sie <a href="/docs-mcloud/hilfe/numerische-werte/">hier</a>.</p>
</div></div>



<h2 class="wp-block-heading">Rangreihe</h2>



<div class="wp-block-pb-accordion-item c-accordion__item js-accordion-item no-js" data-initially-open="false" data-click-to-close="true" data-auto-close="true" data-scroll="false" data-scroll-offset="0"><h2 id="at-72" class="c-accordion__title js-accordion-controller" role="button">Für eine Zeitung / Zeitschrift wird kein Preis angezeigt &#8211; für alle anderen hingegen schon. Gibt es für den Titel keinen Preis?</h2><div id="ac-72" class="c-accordion__content">
<p>Nehmen Sie den Leistungswert <em>Format</em> in die Rangreihe auf. Steht unter Format für den Titel <em>Kein Tarif vorhanden</em>, gibt es für den Titel keine Preisinformationen. Steht dort jedoch <em>Preis für Format fehlt</em>, können Sie sich per Klick auf die Zelle des Formats im Reiter <em>Tarifblatt </em>alle für den Titel vorhandenen Preise anzeigen lassen.</p>



<div class="wp-block-columns is-layout-flex wp-container-core-columns-is-layout-9d6595d7 wp-block-columns-is-layout-flex">
<div class="wp-block-column is-layout-flow wp-block-column-is-layout-flow" style="flex-basis:66.66%">
<figure class="wp-block-image size-large"><a href="/docs-mcloud/wp-content/uploads/sites/4/2021/04/Format-1.png"><img loading="lazy" decoding="async" width="827" height="685" src="/docs-mcloud/wp-content/uploads/sites/4/2021/04/Format-1.png" alt="" class="wp-image-2295" srcset="/docs-mcloud/wp-content/uploads/sites/4/2021/04/Format-1.png 827w, /docs-mcloud/wp-content/uploads/sites/4/2021/04/Format-1-300x248.png 300w, /docs-mcloud/wp-content/uploads/sites/4/2021/04/Format-1-768x636.png 768w" sizes="auto, (max-width: 827px) 100vw, 827px" /></a></figure>
</div>



<div class="wp-block-column is-layout-flow wp-block-column-is-layout-flow" style="flex-basis:33.33%">
<p>Wählen Sie das gewünschte Format aus und bestätigen Sie mit <em>OK</em>. Das gewählte Format wird farblich hervorgehoben angezeigt.</p>



<figure class="wp-block-image size-large"><a href="/docs-mcloud/wp-content/uploads/sites/4/2021/04/Format2-1.png"><img loading="lazy" decoding="async" width="204" height="135" src="/docs-mcloud/wp-content/uploads/sites/4/2021/04/Format2-1.png" alt="" class="wp-image-2296"/></a></figure>
</div>
</div>



<p>Sie können auch das Format für alle Titel der Gattung anpassen, indem Sie in der Infobar das <a href="/docs-mcloud/hilfe/rangreihe/tarife/">Anzeigenformat</a> der Gattung wechseln.</p>
</div></div>



<h2 class="wp-block-heading">Streuplan</h2>



<div class="wp-block-pb-accordion-item c-accordion__item js-accordion-item no-js" data-initially-open="false" data-click-to-close="true" data-auto-close="true" data-scroll="false" data-scroll-offset="0"><h2 id="at-73" class="c-accordion__title js-accordion-controller" role="button">Wieso kann ich meinen erstellten Plan nur noch löschen?</h2><div id="ac-73" class="c-accordion__content">
<p>Es ist ein weiterer Plan markiert. Drücken Sie <em>esc</em> oder klicken Sie auf den markierten Plan, um diesen abzuwählen. Anschließend steht Ihnen wieder das gesamte Kontextmenü zur Verfügung.</p>
</div></div>
