{"id":659,"date":"2020-11-27T13:17:09","date_gmt":"2020-11-27T13:17:09","guid":{"rendered":"\/docs-mcloud\/rangreihe\/"},"modified":"2023-08-31T10:00:30","modified_gmt":"2023-08-31T10:00:30","slug":"rangreihe","status":"publish","type":"page","link":"\/docs-mcloud\/hilfe\/rangreihe\/","title":{"rendered":"Rangreihe"},"content":{"rendered":"\n<p>Die Rangreihe dient der Auswahl von geeigneten Werbetr\u00e4gern f\u00fcr eine zu planende Werbekampagne. <\/p>\n\n\n\n<p>Auf Basis der gew\u00e4hlten Werbetr\u00e4ger und Leistungswerte (Schaltkosten, Netto-Reichweite, Affinit\u00e4t, 1000-Kontakt-Preis etc.) werden die KPIs tabellarisch dargestellt.<\/p>\n\n\n\n<figure class=\"wp-block-image size-large\"><img loading=\"lazy\" decoding=\"async\" width=\"909\" height=\"327\" src=\"\/docs-mcloud\/wp-content\/uploads\/sites\/4\/2020\/12\/Rang-Intro.png\" alt=\"\" class=\"wp-image-1336\" srcset=\"\/docs-mcloud\/wp-content\/uploads\/sites\/4\/2020\/12\/Rang-Intro.png 909w, \/docs-mcloud\/wp-content\/uploads\/sites\/4\/2020\/12\/Rang-Intro-300x108.png 300w, \/docs-mcloud\/wp-content\/uploads\/sites\/4\/2020\/12\/Rang-Intro-768x276.png 768w\" sizes=\"auto, (max-width: 909px) 100vw, 909px\" \/><\/figure>\n\n\n\n<p>Allgemeine Vorgaben f\u00fcr die Berechnung der Rangreihe wie Tarifauswahl <span class=\"has-inline-color has-vivid-red-color\">(1)<\/span>, Netto \/ Brutto Preise <span class=\"has-inline-color has-vivid-red-color\">(2)<\/span>, Anzeigenformat <span class=\"has-inline-color has-vivid-red-color\">(3)<\/span> und Auflagenart <span class=\"has-inline-color has-vivid-red-color\">(7)<\/span> werden in der Infobar des Arbeitsblattes festgelegt und dokumentiert. Die Darstellung wechselt je nach gew\u00e4hlter Mediengattung und gew\u00e4hlter Leistungswerte.<\/p>\n\n\n\n<p>Enth\u00e4lt die Rangreihe den Leistungswert Format, wird die Belegung\/ Frequenz <span class=\"has-inline-color has-vivid-red-color\">(6)<\/span> in der Infobar nicht ausgewiesen; nur wenn der Leistungswert Auflagen in die Tabelle eingef\u00fcgt wurde, steht die Auswahl der Auflagenart <span class=\"has-inline-color has-vivid-red-color\">(7)<\/span> zur Verf\u00fcgung.<\/p>\n\n\n\n<p>Die Referenzzielgruppe wird nur angezeigt, wenn die Affinit\u00e4t in der Rangliste ausgewiesen wird.<\/p>\n\n\n\n<p>Die AE <span class=\"has-inline-color has-vivid-red-color\">(5)<\/span>-Provision (auch Agenturprovision genannt)  kann zwischen <em>AE keine<\/em> und <em>AE 15%<\/em> wechseln. Hiermit wird eine zus\u00e4tzliche Rabattierung der Medienpreise vorgenommen.<\/p>\n\n\n\n<h2 class=\"wp-block-heading\">Medien zuf\u00fcgen<\/h2>\n\n\n\n<figure class=\"wp-block-image size-large\"><img loading=\"lazy\" decoding=\"async\" width=\"964\" height=\"447\" src=\"\/docs-mcloud\/wp-content\/uploads\/sites\/4\/2020\/12\/RangR01.png\" alt=\"\" class=\"wp-image-1087\" srcset=\"\/docs-mcloud\/wp-content\/uploads\/sites\/4\/2020\/12\/RangR01.png 964w, \/docs-mcloud\/wp-content\/uploads\/sites\/4\/2020\/12\/RangR01-300x139.png 300w, \/docs-mcloud\/wp-content\/uploads\/sites\/4\/2020\/12\/RangR01-768x356.png 768w\" sizes=\"auto, (max-width: 964px) 100vw, 964px\" \/><\/figure>\n\n\n\n<p>Mittels Drag &amp; Drop ziehen Sie die Medien aus dem Datenpanel in die Vorspalte des Arbeitsbereichs.<\/p>\n\n\n\n<p>Medien k\u00f6nnen per Drag &amp; Drop innerhalb des Arbeitsbereichs auf eine andere Position verschoben werden. Die helle Schattierung der gr\u00fcnen Einf\u00e4rbung markiert die Position, an der das ausgew\u00e4hlte Medium beim Loslassen der Maustaste eingef\u00fcgt wird.<\/p>\n\n\n\n<h2 class=\"wp-block-heading\">Leistungswerte zuf\u00fcgen<\/h2>\n\n\n\n<figure class=\"wp-block-image size-large\"><img loading=\"lazy\" decoding=\"async\" width=\"1024\" height=\"319\" src=\"\/docs-mcloud\/wp-content\/uploads\/sites\/4\/2020\/12\/Rang-Add-Measures-1024x319.png\" alt=\"\" class=\"wp-image-1137\" srcset=\"\/docs-mcloud\/wp-content\/uploads\/sites\/4\/2020\/12\/Rang-Add-Measures-1024x319.png 1024w, \/docs-mcloud\/wp-content\/uploads\/sites\/4\/2020\/12\/Rang-Add-Measures-300x94.png 300w, \/docs-mcloud\/wp-content\/uploads\/sites\/4\/2020\/12\/Rang-Add-Measures-768x239.png 768w, \/docs-mcloud\/wp-content\/uploads\/sites\/4\/2020\/12\/Rang-Add-Measures.png 1158w\" sizes=\"auto, (max-width: 1024px) 100vw, 1024px\" \/><\/figure>\n\n\n\n<p>Mittels Drag &amp; Drop wird ein Leistungswert aus dem Datenpanel in den Tabellenkopf des Arbeitsbereichs gezogen.<\/p>\n\n\n\n<p>Leistungswerte k\u00f6nnen per Drag &amp; Drop innerhalb des Arbeitsbereichs auf eine andere Position verschoben werden. Die helle Schattierung der gr\u00fcnen Einf\u00e4rbung markiert die Position, an der das ausgew\u00e4hlte Medium beim Loslassen der Maustaste eingef\u00fcgt wird<\/p>\n\n\n\n<h2 class=\"wp-block-heading\">Medien und Leistungswerte l\u00f6schen<\/h2>\n\n\n\n<figure class=\"wp-block-image size-large\"><img loading=\"lazy\" decoding=\"async\" width=\"1024\" height=\"333\" src=\"\/docs-mcloud\/wp-content\/uploads\/sites\/4\/2020\/12\/Rang-move_and_delete-1024x333.png\" alt=\"\" class=\"wp-image-1140\" srcset=\"\/docs-mcloud\/wp-content\/uploads\/sites\/4\/2020\/12\/Rang-move_and_delete-1024x333.png 1024w, \/docs-mcloud\/wp-content\/uploads\/sites\/4\/2020\/12\/Rang-move_and_delete-300x98.png 300w, \/docs-mcloud\/wp-content\/uploads\/sites\/4\/2020\/12\/Rang-move_and_delete-768x250.png 768w, \/docs-mcloud\/wp-content\/uploads\/sites\/4\/2020\/12\/Rang-move_and_delete.png 1162w\" sizes=\"auto, (max-width: 1024px) 100vw, 1024px\" \/><\/figure>\n\n\n\n<p>Ein Zeile oder Spalte kann auf die M\u00fclltonne <span class=\"has-inline-color has-vivid-red-color\">(1)<\/span> gezogen werden, wodurch das Element aus dem Arbeitsbereich entfernt wird.<\/p>\n\n\n\n<p>Die Reihenfolge der Spalten kann wie in <span class=\"has-inline-color has-vivid-red-color\">(2) <\/span>gezeigt, angepasst werden. <\/p>\n\n\n\n<p>Kommastellen und Layoutprofile werden unter <span class=\"has-inline-color has-vivid-red-color\">(3)<\/span> verwaltet.<\/p>\n","protected":false},"excerpt":{"rendered":"<p>Die Rangreihe dient der Auswahl von geeigneten Werbetr\u00e4gern f\u00fcr eine zu planende Werbekampagne. Auf Basis der gew\u00e4hlten Werbetr\u00e4ger und Leistungswerte (Schaltkosten, Netto-Reichweite, Affinit\u00e4t, 1000-Kontakt-Preis etc.) werden die KPIs tabellarisch dargestellt. Allgemeine Vorgaben f\u00fcr die Berechnung der Rangreihe wie Tarifauswahl (1), Netto \/ Brutto Preise (2), Anzeigenformat (3) und Auflagenart (7) werden in der Infobar des [&hellip;]<\/p>\n","protected":false},"author":1,"featured_media":0,"parent":5,"menu_order":3,"comment_status":"closed","ping_status":"closed","template":"","meta":{"_acf_changed":false,"inline_featured_image":false,"footnotes":""},"class_list":["post-659","page","type-page","status-publish","hentry"],"acf":[],"_links":{"self":[{"href":"\/docs-mcloud\/wp-json\/wp\/v2\/pages\/659","targetHints":{"allow":["GET"]}}],"collection":[{"href":"\/docs-mcloud\/wp-json\/wp\/v2\/pages"}],"about":[{"href":"\/docs-mcloud\/wp-json\/wp\/v2\/types\/page"}],"author":[{"embeddable":true,"href":"\/docs-mcloud\/wp-json\/wp\/v2\/users\/1"}],"replies":[{"embeddable":true,"href":"\/docs-mcloud\/wp-json\/wp\/v2\/comments?post=659"}],"version-history":[{"count":29,"href":"\/docs-mcloud\/wp-json\/wp\/v2\/pages\/659\/revisions"}],"predecessor-version":[{"id":1953,"href":"\/docs-mcloud\/wp-json\/wp\/v2\/pages\/659\/revisions\/1953"}],"up":[{"embeddable":true,"href":"\/docs-mcloud\/wp-json\/wp\/v2\/pages\/5"}],"wp:attachment":[{"href":"\/docs-mcloud\/wp-json\/wp\/v2\/media?parent=659"}],"curies":[{"name":"wp","href":"https:\/\/api.w.org\/{rel}","templated":true}]}}