{"id":2967,"date":"2026-02-16T21:50:00","date_gmt":"2026-02-16T21:50:08","guid":{"rendered":"\/docs-mcloud\/?page_id=2967"},"modified":"2026-03-19T22:21:13","modified_gmt":"2026-03-19T22:21:13","slug":"medien-hinzufuegen","status":"publish","type":"page","link":"\/docs-mcloud\/hilfe\/regio-2\/medien-definieren\/medien-hinzufuegen\/","title":{"rendered":"Medien hinzuf\u00fcgen"},"content":{"rendered":"\n<p>Die Auswahl an Medien ist n\u00f6tig, um auf Basis von Kriterien die richtigen Stellen\/Netzwerke f\u00fcr den jeweiligen Usecase zu erhalten. Daf\u00fcr stehen die Funktionen <em><a href=\"\/docs-mcloud\/hilfe\/regio-2\/medien-definieren\/medien-hinzufuegen\/medien-filtern\/\">Filter<\/a><\/em> und <em><a href=\"\/docs-mcloud\/hilfe\/regio-2\/medien-definieren\/medien-hinzufuegen\/medien-importieren\/\">Import<\/a><\/em> zur Verf\u00fcgung.<\/p>\n\n\n\n<figure class=\"wp-block-image size-full\"><img loading=\"lazy\" decoding=\"async\" width=\"161\" height=\"93\" src=\"\/docs-mcloud\/wp-content\/uploads\/sites\/4\/2026\/03\/image-23.png\" alt=\"\" class=\"wp-image-3131\" \/><\/figure>\n\n\n\n<p><\/p>\n","protected":false},"excerpt":{"rendered":"<p>Die Auswahl an Medien ist n\u00f6tig, um auf Basis von Kriterien die richtigen Stellen\/Netzwerke f\u00fcr den jeweiligen Usecase zu erhalten. Daf\u00fcr stehen die Funktionen Filter und Import zur Verf\u00fcgung.<\/p>\n","protected":false},"author":11,"featured_media":0,"parent":2903,"menu_order":0,"comment_status":"closed","ping_status":"closed","template":"","meta":{"_acf_changed":false,"inline_featured_image":false,"footnotes":""},"class_list":["post-2967","page","type-page","status-publish","hentry"],"acf":[],"_links":{"self":[{"href":"\/docs-mcloud\/wp-json\/wp\/v2\/pages\/2967","targetHints":{"allow":["GET"]}}],"collection":[{"href":"\/docs-mcloud\/wp-json\/wp\/v2\/pages"}],"about":[{"href":"\/docs-mcloud\/wp-json\/wp\/v2\/types\/page"}],"author":[{"embeddable":true,"href":"\/docs-mcloud\/wp-json\/wp\/v2\/users\/11"}],"replies":[{"embeddable":true,"href":"\/docs-mcloud\/wp-json\/wp\/v2\/comments?post=2967"}],"version-history":[{"count":5,"href":"\/docs-mcloud\/wp-json\/wp\/v2\/pages\/2967\/revisions"}],"predecessor-version":[{"id":3150,"href":"\/docs-mcloud\/wp-json\/wp\/v2\/pages\/2967\/revisions\/3150"}],"up":[{"embeddable":true,"href":"\/docs-mcloud\/wp-json\/wp\/v2\/pages\/2903"}],"wp:attachment":[{"href":"\/docs-mcloud\/wp-json\/wp\/v2\/media?parent=2967"}],"curies":[{"name":"wp","href":"https:\/\/api.w.org\/{rel}","templated":true}]}}