{"id":2060,"date":"2020-12-11T12:26:00","date_gmt":"2020-12-11T12:26:00","guid":{"rendered":"\/docs-mcloud\/hilfe\/charts-2\/designoptionen\/"},"modified":"2023-08-31T10:00:30","modified_gmt":"2023-08-31T10:00:30","slug":"designoptionen","status":"publish","type":"page","link":"\/docs-mcloud\/hilfe\/programmoberflaeche\/charts-2\/designoptionen\/","title":{"rendered":"Designoptionen"},"content":{"rendered":"\n<p>Die Standardansicht ist ein S\u00e4ulendiagramm, in welchem die erste Spalte der Tabelle abgebildet wird. Mithilfe der Designoptionen stehen Ihnen eine Reihe an M\u00f6glichkeiten zur Verf\u00fcgung Ihr Chart entsprechend Ihrer Vorstellungen zu gestalten, wie beispielsweise die Hinzunahme weiterer Spalten in die Darstellung.<\/p>\n\n\n\n<figure class=\"wp-block-image size-large\"><a href=\"\/docs-mcloud\/wp-content\/uploads\/sites\/4\/2020\/12\/Designoptionen.png\"><img loading=\"lazy\" decoding=\"async\" width=\"1024\" height=\"660\" src=\"\/docs-mcloud\/wp-content\/uploads\/sites\/4\/2020\/12\/Designoptionen-1024x660.png\" alt=\"\" class=\"wp-image-2067\" srcset=\"\/docs-mcloud\/wp-content\/uploads\/sites\/4\/2020\/12\/Designoptionen-1024x660.png 1024w, \/docs-mcloud\/wp-content\/uploads\/sites\/4\/2020\/12\/Designoptionen-300x193.png 300w, \/docs-mcloud\/wp-content\/uploads\/sites\/4\/2020\/12\/Designoptionen-768x495.png 768w, \/docs-mcloud\/wp-content\/uploads\/sites\/4\/2020\/12\/Designoptionen.png 1030w\" sizes=\"auto, (max-width: 1024px) 100vw, 1024px\" \/><\/a><\/figure>\n\n\n\n<p>Mit Ausnahme der Vorgaben der Serieneinstellungen werden alle Einstellungen wie Linienst\u00e4rke, Gitteranzeige und die Achsendarstellung bis zur n\u00e4chsten \u00c4nderung gespeichert.<\/p>\n\n\n\n<h2 class=\"wp-block-heading\">Serien<\/h2>\n\n\n\n<h3 class=\"wp-block-heading\">Auswahl der darzustellenden Spalten<\/h3>\n\n\n\n<div class=\"wp-block-media-text alignwide is-stacked-on-mobile\" style=\"grid-template-columns:35% auto\"><figure class=\"wp-block-media-text__media\"><a href=\"\/docs-mcloud\/wp-content\/uploads\/sites\/4\/2020\/11\/chart-serien.png\"><img loading=\"lazy\" decoding=\"async\" width=\"280\" height=\"87\" src=\"\/docs-mcloud\/wp-content\/uploads\/sites\/4\/2020\/11\/chart-serien.png\" alt=\"\" class=\"wp-image-780 size-full\" \/><\/a><\/figure><div class=\"wp-block-media-text__content\">\n<p>Zur Auswahl stehen alle (markierten) Spalten der Auswertungstabelle. Per Drag &amp; Drop kann die Reihenfolge der Leistungswerte oder Zielgruppen ge\u00e4ndert werden ohne in die Tabelle zur\u00fcckzukehren.<\/p>\n<\/div><\/div>\n\n\n\n<h3 class=\"wp-block-heading\" id=\"Charttypen_kombinieren\">Charttypen kombinieren<\/h3>\n\n\n\n<div class=\"wp-block-media-text alignwide is-stacked-on-mobile\" style=\"grid-template-columns:35% auto\"><figure class=\"wp-block-media-text__media\"><a href=\"\/docs-mcloud\/wp-content\/uploads\/sites\/4\/2020\/11\/chart-serien-einstellungen.png\"><img loading=\"lazy\" decoding=\"async\" width=\"388\" height=\"124\" src=\"\/docs-mcloud\/wp-content\/uploads\/sites\/4\/2020\/11\/chart-serien-einstellungen.png\" alt=\"\" class=\"wp-image-784 size-full\" srcset=\"\/docs-mcloud\/wp-content\/uploads\/sites\/4\/2020\/11\/chart-serien-einstellungen.png 388w, \/docs-mcloud\/wp-content\/uploads\/sites\/4\/2020\/11\/chart-serien-einstellungen-300x96.png 300w\" sizes=\"auto, (max-width: 388px) 100vw, 388px\" \/><\/a><\/figure><div class=\"wp-block-media-text__content\">\n<p>Nach Deaktivierung der<strong> <\/strong><em>Globalen Einstellung<\/em> w\u00e4hlen Sie den alternativen Typ und die Achse. Die Prim\u00e4re Achse gibt die Skalierung der Y-Achse vor. \u00dcber die Auswahl der <a href=\"#Achsen\">Sekund\u00e4ren Achse<\/a> wird die Datenreihe unabh\u00e4ngig von der Skala der Prim\u00e4ren Achse auf einer sekund\u00e4ren Achse in die bestehende Darstellung eingepasst.<\/p>\n<\/div><\/div>\n\n\n\n<div class=\"wp-block-media-text alignwide is-stacked-on-mobile\" style=\"grid-template-columns:35% auto\"><figure class=\"wp-block-media-text__media\"><a href=\"\/docs-mcloud\/wp-content\/uploads\/sites\/4\/2020\/11\/chart-serien-farbe.png\"><img loading=\"lazy\" decoding=\"async\" width=\"475\" height=\"387\" src=\"\/docs-mcloud\/wp-content\/uploads\/sites\/4\/2020\/11\/chart-serien-farbe.png\" alt=\"\" class=\"wp-image-796 size-full\" srcset=\"\/docs-mcloud\/wp-content\/uploads\/sites\/4\/2020\/11\/chart-serien-farbe.png 475w, \/docs-mcloud\/wp-content\/uploads\/sites\/4\/2020\/11\/chart-serien-farbe-300x244.png 300w\" sizes=\"auto, (max-width: 475px) 100vw, 475px\" \/><\/a><\/figure><div class=\"wp-block-media-text__content\">\n<p>Auch die Farbe, in der die Serie dargestellt wird, k\u00f6nnen Sie ver\u00e4ndern.<\/p>\n<\/div><\/div>\n\n\n\n<h2 class=\"wp-block-heading\">Serienart<\/h2>\n\n\n\n<div class=\"wp-block-media-text alignwide is-stacked-on-mobile\" style=\"grid-template-columns:35% auto\"><figure class=\"wp-block-media-text__media\"><a href=\"\/docs-mcloud\/wp-content\/uploads\/sites\/4\/2020\/11\/chart-serienart.png\"><img loading=\"lazy\" decoding=\"async\" width=\"260\" height=\"352\" src=\"\/docs-mcloud\/wp-content\/uploads\/sites\/4\/2020\/11\/chart-serienart.png\" alt=\"\" class=\"wp-image-794 size-full\" srcset=\"\/docs-mcloud\/wp-content\/uploads\/sites\/4\/2020\/11\/chart-serienart.png 260w, \/docs-mcloud\/wp-content\/uploads\/sites\/4\/2020\/11\/chart-serienart-222x300.png 222w\" sizes=\"auto, (max-width: 260px) 100vw, 260px\" \/><\/a><\/figure><div class=\"wp-block-media-text__content\">\n<p>Zur Veranschaulichung der Ergebnisse kann an dieser Stelle der Diagrammtyp angepasst werden.<\/p>\n<\/div><\/div>\n\n\n\n<h2 class=\"wp-block-heading\">Reihe in<\/h2>\n\n\n\n<div class=\"wp-block-media-text alignwide is-stacked-on-mobile\" style=\"grid-template-columns:35% auto\"><figure class=\"wp-block-media-text__media\"><a href=\"\/docs-mcloud\/wp-content\/uploads\/sites\/4\/2020\/11\/chart-serien-reihe-in.png\"><img loading=\"lazy\" decoding=\"async\" width=\"279\" height=\"133\" src=\"\/docs-mcloud\/wp-content\/uploads\/sites\/4\/2020\/11\/chart-serien-reihe-in.png\" alt=\"\" class=\"wp-image-801 size-full\" \/><\/a><\/figure><div class=\"wp-block-media-text__content\">\n<p>\u00dcber diese Auswahl kann die Orientierung der Datenreihen in der Grafik ge\u00e4ndert werden.<\/p>\n\n\n\n<p>Damit ist es z.B. m\u00f6glich, in der Zeitreihe Ergebnisse mehrerer Jahrg\u00e4nge in einem Chart abzubilden.<\/p>\n<\/div><\/div>\n\n\n\n<h2 class=\"wp-block-heading\" id=\"Anzahl\">Anzahl<\/h2>\n\n\n\n<div class=\"wp-block-media-text alignwide is-stacked-on-mobile\" style=\"grid-template-columns:35% auto\"><figure class=\"wp-block-media-text__media\"><img loading=\"lazy\" decoding=\"async\" width=\"278\" height=\"67\" src=\"\/docs-mcloud\/wp-content\/uploads\/sites\/4\/2020\/11\/chart-serien-anzahl.png\" alt=\"\" class=\"wp-image-803 size-full\" \/><\/figure><div class=\"wp-block-media-text__content\">\n<p>Die Anzahl der dargestellten Spalten pro Grafik kann \u00fcber die Auswahl <em>Anzahl <\/em>frei gew\u00e4hlt werden.<\/p>\n\n\n\n<p>F\u00fcr eine Eingrenzung der Merkmale ist die R\u00fcckkehr in die Tabellierung \/ Rangreihe nicht notwendig.<\/p>\n<\/div><\/div>\n\n\n\n<h2 class=\"wp-block-heading\">Marker<\/h2>\n\n\n\n<div class=\"wp-block-media-text alignwide is-stacked-on-mobile\" style=\"grid-template-columns:35% auto\"><figure class=\"wp-block-media-text__media\"><a href=\"\/docs-mcloud\/wp-content\/uploads\/sites\/4\/2020\/11\/chart-serien-marker.png\"><img loading=\"lazy\" decoding=\"async\" width=\"277\" height=\"224\" src=\"\/docs-mcloud\/wp-content\/uploads\/sites\/4\/2020\/11\/chart-serien-marker.png\" alt=\"\" class=\"wp-image-805 size-full\" \/><\/a><\/figure><div class=\"wp-block-media-text__content\">\n<p>Die Anzeige von Datenpunkten zum Kennzeichnen einzelner Datenwerte kann optional eingeblendet werden. Auch die Gr\u00f6\u00dfe und Form des Markers k\u00f6nnen hier festgelegt werden.<\/p>\n<\/div><\/div>\n\n\n\n<h2 class=\"wp-block-heading\">Punktbeschriftungen<\/h2>\n\n\n\n<div class=\"wp-block-media-text alignwide is-stacked-on-mobile\" style=\"grid-template-columns:35% auto\"><figure class=\"wp-block-media-text__media\"><a href=\"\/docs-mcloud\/wp-content\/uploads\/sites\/4\/2020\/11\/chart-serien-punktbeschriftungen.png\"><img loading=\"lazy\" decoding=\"async\" width=\"277\" height=\"148\" src=\"\/docs-mcloud\/wp-content\/uploads\/sites\/4\/2020\/11\/chart-serien-punktbeschriftungen.png\" alt=\"\" class=\"wp-image-807 size-full\" \/><\/a><\/figure><div class=\"wp-block-media-text__content\">\n<p>Die Beschriftung der einzelnen Datenpunkte kann ebenfalls angepasst und optional ausgeblendet werden. <\/p>\n\n\n\n<p>Weiterhin ist die Verortung der Punktbeschriftungen innerhalb des Charts anpassbar.<\/p>\n<\/div><\/div>\n\n\n\n<h2 class=\"wp-block-heading\">3D<\/h2>\n\n\n\n<div class=\"wp-block-media-text alignwide is-stacked-on-mobile\" style=\"grid-template-columns:35% auto\"><figure class=\"wp-block-media-text__media\"><a href=\"\/docs-mcloud\/wp-content\/uploads\/sites\/4\/2020\/11\/chart-serien-3d.png\"><img loading=\"lazy\" decoding=\"async\" width=\"274\" height=\"175\" src=\"\/docs-mcloud\/wp-content\/uploads\/sites\/4\/2020\/11\/chart-serien-3d.png\" alt=\"\" class=\"wp-image-811 size-full\" \/><\/a><\/figure><div class=\"wp-block-media-text__content\">\n<p>Das gesamte Chart kann dreidimensional dargestellt und die Winkel angepasst werden.<\/p>\n<\/div><\/div>\n\n\n\n<h2 class=\"wp-block-heading\">Legende<\/h2>\n\n\n\n<div class=\"wp-block-media-text alignwide is-stacked-on-mobile\" style=\"grid-template-columns:35% auto\"><figure class=\"wp-block-media-text__media\"><img loading=\"lazy\" decoding=\"async\" width=\"279\" height=\"145\" src=\"\/docs-mcloud\/wp-content\/uploads\/sites\/4\/2020\/11\/chart-serien-legende.png\" alt=\"\" class=\"wp-image-813 size-full\" \/><\/figure><div class=\"wp-block-media-text__content\">\n<p>In der Legende werden die Serienbezeichnungen angezeigt. Ob und an welcher Stelle im Chart diese angezeigt werden sollen, l\u00e4sst sich hier festlegen.<\/p>\n<\/div><\/div>\n\n\n\n<h2 class=\"wp-block-heading\" id=\"Achsen\">X-Achse, Y-Achse und sekund\u00e4re Achse<\/h2>\n\n\n\n<div class=\"wp-block-media-text alignwide is-stacked-on-mobile\" style=\"grid-template-columns:35% auto\"><figure class=\"wp-block-media-text__media\"><a href=\"\/docs-mcloud\/wp-content\/uploads\/sites\/4\/2020\/11\/chart-serien-x-achse.png\"><img loading=\"lazy\" decoding=\"async\" width=\"279\" height=\"186\" src=\"\/docs-mcloud\/wp-content\/uploads\/sites\/4\/2020\/11\/chart-serien-x-achse.png\" alt=\"\" class=\"wp-image-817 size-full\" \/><\/a><\/figure><div class=\"wp-block-media-text__content\">\n<p>Die Achsenbeschriftungen k\u00f6nnen bei Bedarf ausgeblendet oder farblich ver\u00e4ndert werden. Die Gitterlinien lassen sich ebenfalls ausblenden.<\/p>\n\n\n\n<p>Die Optionen Beschriftung anzeigen, staffeln und Winkel stehen nur f\u00fcr die X Achse zur Verf\u00fcgung. Hiermit l\u00e4sst sich die Anordnung langer Beschriftungen optimieren.<\/p>\n<\/div><\/div>\n\n\n\n<p>Die Sekund\u00e4re Achse sollte bei der Darstellung zweier voneinander <a href=\"#Charttypen_kombinieren\">unabh\u00e4ngiger Grafen<\/a> eingeblendet werden. Verwenden Sie die sekund\u00e4re Achse, wenn die Grafen stark verschiedene Wertebereiche aufweisen, wie die Hochrechnung in Mio. und der TNP.<\/p>\n\n\n\n<h2 class=\"wp-block-heading\">Hintergrund \/ Plotbereich<\/h2>\n\n\n\n<div class=\"wp-block-media-text alignwide is-stacked-on-mobile\" style=\"grid-template-columns:35% auto\"><figure class=\"wp-block-media-text__media\"><a href=\"\/docs-mcloud\/wp-content\/uploads\/sites\/4\/2020\/11\/chart-serien-plotbereich.png\"><img loading=\"lazy\" decoding=\"async\" width=\"278\" height=\"212\" src=\"\/docs-mcloud\/wp-content\/uploads\/sites\/4\/2020\/11\/chart-serien-plotbereich.png\" alt=\"\" class=\"wp-image-823 size-full\" \/><\/a><\/figure><div class=\"wp-block-media-text__content\">\n<p>Farbe und Farbverlauf f\u00fcr Hintergrund und Plotbereich k\u00f6nnen jeweils getrennt angepasst werden. Rahmen lassen sich um Chart und Plotbereich festlegen.<\/p>\n<\/div><\/div>\n\n\n\n<h2 class=\"wp-block-heading\">Liniendiagramm<\/h2>\n\n\n\n<div class=\"wp-block-media-text alignwide is-stacked-on-mobile\" style=\"grid-template-columns:35% auto\"><figure class=\"wp-block-media-text__media\"><a href=\"\/docs-mcloud\/wp-content\/uploads\/sites\/4\/2020\/11\/chart-serien-liniendiagramm.png\"><img loading=\"lazy\" decoding=\"async\" width=\"277\" height=\"69\" src=\"\/docs-mcloud\/wp-content\/uploads\/sites\/4\/2020\/11\/chart-serien-liniendiagramm.png\" alt=\"\" class=\"wp-image-827 size-full\" \/><\/a><\/figure><div class=\"wp-block-media-text__content\">\n<p>F\u00fcr Liniendiagramme l\u00e4sst sich die Breite der Linie im Chart anpassen.<\/p>\n<\/div><\/div>\n\n\n\n<h2 class=\"wp-block-heading\">Tortendiagramm<\/h2>\n\n\n\n<div class=\"wp-block-media-text alignwide is-stacked-on-mobile\" style=\"grid-template-columns:35% auto\"><figure class=\"wp-block-media-text__media\"><a href=\"\/docs-mcloud\/wp-content\/uploads\/sites\/4\/2020\/11\/chart-serien-tortendiagramm.png\"><img loading=\"lazy\" decoding=\"async\" width=\"278\" height=\"84\" src=\"\/docs-mcloud\/wp-content\/uploads\/sites\/4\/2020\/11\/chart-serien-tortendiagramm.png\" alt=\"\" class=\"wp-image-828 size-full\" \/><\/a><\/figure><div class=\"wp-block-media-text__content\">\n<p>F\u00fcr Tortendiagramme kann die Schwelle, ab der Segmente zusammengefasst werden, festgelegt werden.<\/p>\n\n\n\n<p>Die kleinsten Segmente werden entsprechend des vorgegebenen Schwellenwerts zu einem Restsegment mit der Bezeichnung <em>Other<\/em> zusammengefasst.<\/p>\n<\/div><\/div>\n\n\n\n<h2 class=\"wp-block-heading\">Blasendiagramm<\/h2>\n\n\n\n<div class=\"wp-block-media-text alignwide is-stacked-on-mobile\" style=\"grid-template-columns:35% auto\"><figure class=\"wp-block-media-text__media\"><a href=\"\/docs-mcloud\/wp-content\/uploads\/sites\/4\/2020\/11\/chart-serien-blasendiagramm.png\"><img loading=\"lazy\" decoding=\"async\" width=\"277\" height=\"107\" src=\"\/docs-mcloud\/wp-content\/uploads\/sites\/4\/2020\/11\/chart-serien-blasendiagramm.png\" alt=\"\" class=\"wp-image-830 size-full\" \/><\/a><\/figure><div class=\"wp-block-media-text__content\">\n<p>F\u00fcr Blasendiagramme lassen sich Form, Farbe und Gr\u00f6\u00dfe der Blasen konfigurieren.<\/p>\n<\/div><\/div>\n\n\n\n<h2 class=\"wp-block-heading\">Titel<\/h2>\n\n\n\n<div class=\"wp-block-media-text alignwide is-stacked-on-mobile\" style=\"grid-template-columns:35% auto\"><figure class=\"wp-block-media-text__media\"><a href=\"\/docs-mcloud\/wp-content\/uploads\/sites\/4\/2020\/11\/chart-serien-titel.png\"><img loading=\"lazy\" decoding=\"async\" width=\"276\" height=\"85\" src=\"\/docs-mcloud\/wp-content\/uploads\/sites\/4\/2020\/11\/chart-serien-titel.png\" alt=\"\" class=\"wp-image-833 size-full\" \/><\/a><\/figure><div class=\"wp-block-media-text__content\">\n<p>Oberhalb der Grafik werden Studientitel, Gewicht und Zielgruppe angezeigt. Diese Informationen k\u00f6nnen hier ausgeblendet werden.<\/p>\n<\/div><\/div>\n\n\n\n<h2 class=\"wp-block-heading\">Export<\/h2>\n\n\n\n<p>Alle Charts k\u00f6nnen nach Excel und PowerPoint ausgegeben und dort weiter bearbeitet werden oder als Bitmap exportiert werden. Als Bitmap sind die Formate JPEG, PNG, GIF und BMP vorgesehen. Die Gr\u00f6\u00dfe des Bitmaps kann vorgegeben werden.<\/p>\n\n\n\n<div class=\"wp-block-columns is-layout-flex wp-container-core-columns-is-layout-9d6595d7 wp-block-columns-is-layout-flex\">\n<div class=\"wp-block-column is-layout-flow wp-block-column-is-layout-flow\">\n<figure class=\"wp-block-image size-large\"><a href=\"\/docs-mcloud\/wp-content\/uploads\/sites\/4\/2020\/12\/Charts_Export.png\"><img decoding=\"async\" src=\"\/docs-mcloud\/wp-content\/uploads\/sites\/4\/2020\/12\/Charts_Export.png\" alt=\"\" class=\"wp-image-2073\" \/><\/a><\/figure>\n<\/div>\n\n\n\n<div class=\"wp-block-column is-layout-flow wp-block-column-is-layout-flow\">\n<figure class=\"wp-block-image size-large\"><a href=\"\/docs-mcloud\/wp-content\/uploads\/sites\/4\/2020\/12\/Bitmap_Optionen.png\"><img loading=\"lazy\" decoding=\"async\" width=\"257\" height=\"197\" src=\"\/docs-mcloud\/wp-content\/uploads\/sites\/4\/2020\/12\/Bitmap_Optionen.png\" alt=\"\" class=\"wp-image-2072\" \/><\/a><\/figure>\n<\/div>\n<\/div>\n","protected":false},"excerpt":{"rendered":"<p>Die Standardansicht ist ein S\u00e4ulendiagramm, in welchem die erste Spalte der Tabelle abgebildet wird. Mithilfe der Designoptionen stehen Ihnen eine Reihe an M\u00f6glichkeiten zur Verf\u00fcgung Ihr Chart entsprechend Ihrer Vorstellungen zu gestalten, wie beispielsweise die Hinzunahme weiterer Spalten in die Darstellung. Mit Ausnahme der Vorgaben der Serieneinstellungen werden alle Einstellungen wie Linienst\u00e4rke, Gitteranzeige und die [&hellip;]<\/p>\n","protected":false},"author":7,"featured_media":0,"parent":2053,"menu_order":1,"comment_status":"closed","ping_status":"closed","template":"","meta":{"_acf_changed":false,"inline_featured_image":false,"footnotes":""},"class_list":["post-2060","page","type-page","status-publish","hentry"],"acf":[],"_links":{"self":[{"href":"\/docs-mcloud\/wp-json\/wp\/v2\/pages\/2060","targetHints":{"allow":["GET"]}}],"collection":[{"href":"\/docs-mcloud\/wp-json\/wp\/v2\/pages"}],"about":[{"href":"\/docs-mcloud\/wp-json\/wp\/v2\/types\/page"}],"author":[{"embeddable":true,"href":"\/docs-mcloud\/wp-json\/wp\/v2\/users\/7"}],"replies":[{"embeddable":true,"href":"\/docs-mcloud\/wp-json\/wp\/v2\/comments?post=2060"}],"version-history":[{"count":11,"href":"\/docs-mcloud\/wp-json\/wp\/v2\/pages\/2060\/revisions"}],"predecessor-version":[{"id":2187,"href":"\/docs-mcloud\/wp-json\/wp\/v2\/pages\/2060\/revisions\/2187"}],"up":[{"embeddable":true,"href":"\/docs-mcloud\/wp-json\/wp\/v2\/pages\/2053"}],"wp:attachment":[{"href":"\/docs-mcloud\/wp-json\/wp\/v2\/media?parent=2060"}],"curies":[{"name":"wp","href":"https:\/\/api.w.org\/{rel}","templated":true}]}}