{"id":1745,"date":"2020-12-04T10:47:37","date_gmt":"2020-12-04T10:47:37","guid":{"rendered":"\/docs-mcloud\/hilfe\/tabellierung\/tabellenlayout\/zeilen-gruppieren\/"},"modified":"2023-08-31T10:00:30","modified_gmt":"2023-08-31T10:00:30","slug":"zeilen-gruppieren","status":"publish","type":"page","link":"\/docs-mcloud\/hilfe\/tabellierung\/tabellenlayout\/zeilen-gruppieren\/","title":{"rendered":"Zeilen gruppieren"},"content":{"rendered":"\n<p>Die Anzahl der Codeplan-Ebenen, die als \u00dcberschrift im Arbeitsbereich angezeigt werden sollen ist hier anpassbar. Standard ist die Darstellung der Variablen mit \u00dcberschrift und darunter folgenden Auspr\u00e4gungen.<\/p>\n\n\n\n<div class=\"wp-block-columns is-layout-flex wp-container-core-columns-is-layout-9d6595d7 wp-block-columns-is-layout-flex\">\n<div class=\"wp-block-column is-layout-flow wp-block-column-is-layout-flow\">\n<figure class=\"wp-block-image size-large\"><a href=\"\/docs-mcloud\/wp-content\/uploads\/sites\/4\/2020\/12\/tabellenlayout8.png\"><img loading=\"lazy\" decoding=\"async\" width=\"320\" height=\"106\" src=\"\/docs-mcloud\/wp-content\/uploads\/sites\/4\/2020\/12\/tabellenlayout8.png\" alt=\"\" class=\"wp-image-1769\" srcset=\"\/docs-mcloud\/wp-content\/uploads\/sites\/4\/2020\/12\/tabellenlayout8.png 320w, \/docs-mcloud\/wp-content\/uploads\/sites\/4\/2020\/12\/tabellenlayout8-300x99.png 300w\" sizes=\"auto, (max-width: 320px) 100vw, 320px\" \/><\/a><figcaption>Auswahl der Standarddarstellung<\/figcaption><\/figure>\n<\/div>\n\n\n\n<div class=\"wp-block-column is-layout-flow wp-block-column-is-layout-flow\">\n<figure class=\"wp-block-image size-large\"><a href=\"\/docs-mcloud\/wp-content\/uploads\/sites\/4\/2020\/12\/tabellenlayout9.png\"><img loading=\"lazy\" decoding=\"async\" width=\"318\" height=\"193\" src=\"\/docs-mcloud\/wp-content\/uploads\/sites\/4\/2020\/12\/tabellenlayout9.png\" alt=\"\" class=\"wp-image-1770\" srcset=\"\/docs-mcloud\/wp-content\/uploads\/sites\/4\/2020\/12\/tabellenlayout9.png 318w, \/docs-mcloud\/wp-content\/uploads\/sites\/4\/2020\/12\/tabellenlayout9-300x182.png 300w\" sizes=\"auto, (max-width: 318px) 100vw, 318px\" \/><\/a><figcaption>Standarddarstellung Zeilen gruppieren: Ja<\/figcaption><\/figure>\n<\/div>\n<\/div>\n\n\n\n<div class=\"wp-block-columns is-layout-flex wp-container-core-columns-is-layout-9d6595d7 wp-block-columns-is-layout-flex\">\n<div class=\"wp-block-column is-layout-flow wp-block-column-is-layout-flow\">\n<figure class=\"wp-block-image size-large\"><a href=\"\/docs-mcloud\/wp-content\/uploads\/sites\/4\/2020\/12\/tabellenlayout10.png\"><img loading=\"lazy\" decoding=\"async\" width=\"333\" height=\"95\" src=\"\/docs-mcloud\/wp-content\/uploads\/sites\/4\/2020\/12\/tabellenlayout10.png\" alt=\"\" class=\"wp-image-1772\" srcset=\"\/docs-mcloud\/wp-content\/uploads\/sites\/4\/2020\/12\/tabellenlayout10.png 333w, \/docs-mcloud\/wp-content\/uploads\/sites\/4\/2020\/12\/tabellenlayout10-300x86.png 300w\" sizes=\"auto, (max-width: 333px) 100vw, 333px\" \/><\/a><figcaption>Auswahl Darstellung ohne gruppierte Zeilen<\/figcaption><\/figure>\n<\/div>\n\n\n\n<div class=\"wp-block-column is-layout-flow wp-block-column-is-layout-flow\">\n<figure class=\"wp-block-image size-large\"><a href=\"\/docs-mcloud\/wp-content\/uploads\/sites\/4\/2020\/12\/tabellenlayout11.png\"><img loading=\"lazy\" decoding=\"async\" width=\"218\" height=\"164\" src=\"\/docs-mcloud\/wp-content\/uploads\/sites\/4\/2020\/12\/tabellenlayout11.png\" alt=\"\" class=\"wp-image-1773\" \/><\/a><figcaption>Zeilen gruppieren: Nein<\/figcaption><\/figure>\n<\/div>\n<\/div>\n\n\n\n<div class=\"wp-block-columns is-layout-flex wp-container-core-columns-is-layout-9d6595d7 wp-block-columns-is-layout-flex\">\n<div class=\"wp-block-column is-layout-flow wp-block-column-is-layout-flow\">\n<figure class=\"wp-block-image size-large\"><a href=\"\/docs-mcloud\/wp-content\/uploads\/sites\/4\/2020\/12\/tabellenlayout12.png\"><img loading=\"lazy\" decoding=\"async\" width=\"357\" height=\"106\" src=\"\/docs-mcloud\/wp-content\/uploads\/sites\/4\/2020\/12\/tabellenlayout12.png\" alt=\"\" class=\"wp-image-1774\" srcset=\"\/docs-mcloud\/wp-content\/uploads\/sites\/4\/2020\/12\/tabellenlayout12.png 357w, \/docs-mcloud\/wp-content\/uploads\/sites\/4\/2020\/12\/tabellenlayout12-300x89.png 300w\" sizes=\"auto, (max-width: 357px) 100vw, 357px\" \/><\/a><figcaption>Auswahl Darstellung integrierter \u00dcberschriften<\/figcaption><\/figure>\n<\/div>\n\n\n\n<div class=\"wp-block-column is-layout-flow wp-block-column-is-layout-flow\">\n<figure class=\"wp-block-image size-large\"><a href=\"\/docs-mcloud\/wp-content\/uploads\/sites\/4\/2020\/12\/tabellenlayout13.png\"><img loading=\"lazy\" decoding=\"async\" width=\"315\" height=\"149\" src=\"\/docs-mcloud\/wp-content\/uploads\/sites\/4\/2020\/12\/tabellenlayout13.png\" alt=\"\" class=\"wp-image-1777\" srcset=\"\/docs-mcloud\/wp-content\/uploads\/sites\/4\/2020\/12\/tabellenlayout13.png 315w, \/docs-mcloud\/wp-content\/uploads\/sites\/4\/2020\/12\/tabellenlayout13-300x142.png 300w\" sizes=\"auto, (max-width: 315px) 100vw, 315px\" \/><\/a><figcaption>Zeilen gruppieren: Nein, integrierte \u00dcberschriften<\/figcaption><\/figure>\n<\/div>\n<\/div>\n\n\n\n<p>Ohne \u00dcberschriftenzeilen kann die Auswertung in einer Tabelle \u00fcber alle Variablen hinweg sortiert werden.<\/p>\n","protected":false},"excerpt":{"rendered":"<p>Die Anzahl der Codeplan-Ebenen, die als \u00dcberschrift im Arbeitsbereich angezeigt werden sollen ist hier anpassbar. Standard ist die Darstellung der Variablen mit \u00dcberschrift und darunter folgenden Auspr\u00e4gungen. Ohne \u00dcberschriftenzeilen kann die Auswertung in einer Tabelle \u00fcber alle Variablen hinweg sortiert werden.<\/p>\n","protected":false},"author":7,"featured_media":0,"parent":1676,"menu_order":1,"comment_status":"closed","ping_status":"closed","template":"","meta":{"_acf_changed":false,"inline_featured_image":false,"footnotes":""},"class_list":["post-1745","page","type-page","status-publish","hentry"],"acf":[],"_links":{"self":[{"href":"\/docs-mcloud\/wp-json\/wp\/v2\/pages\/1745","targetHints":{"allow":["GET"]}}],"collection":[{"href":"\/docs-mcloud\/wp-json\/wp\/v2\/pages"}],"about":[{"href":"\/docs-mcloud\/wp-json\/wp\/v2\/types\/page"}],"author":[{"embeddable":true,"href":"\/docs-mcloud\/wp-json\/wp\/v2\/users\/7"}],"replies":[{"embeddable":true,"href":"\/docs-mcloud\/wp-json\/wp\/v2\/comments?post=1745"}],"version-history":[{"count":2,"href":"\/docs-mcloud\/wp-json\/wp\/v2\/pages\/1745\/revisions"}],"predecessor-version":[{"id":1779,"href":"\/docs-mcloud\/wp-json\/wp\/v2\/pages\/1745\/revisions\/1779"}],"up":[{"embeddable":true,"href":"\/docs-mcloud\/wp-json\/wp\/v2\/pages\/1676"}],"wp:attachment":[{"href":"\/docs-mcloud\/wp-json\/wp\/v2\/media?parent=1745"}],"curies":[{"name":"wp","href":"https:\/\/api.w.org\/{rel}","templated":true}]}}