{"id":1620,"date":"2026-02-04T08:34:00","date_gmt":"2026-02-04T08:34:00","guid":{"rendered":"\/docs-mcloud\/hilfe\/tabellierung\/auswertung-bearbeiten\/bedingte-formatierung\/"},"modified":"2026-02-05T13:35:23","modified_gmt":"2026-02-05T13:35:23","slug":"formatierungen","status":"publish","type":"page","link":"\/docs-mcloud\/hilfe\/tabellierung\/auswertung-bearbeiten\/formatierungen\/","title":{"rendered":"Formatierungen"},"content":{"rendered":"\n<p>Werte, die eine bestimmte Bedingung erf\u00fcllen, k\u00f6nnen optisch hervorgehoben werden. Wichtige Daten in einer Tabelle lassen sich so auf einen Blick erfassen. Die bedingte (Multi)Formatierung ist \u00fcber das Kontextmenu abrufbar:<\/p>\n\n\n\n<figure class=\"wp-block-image size-full\"><img loading=\"lazy\" decoding=\"async\" width=\"439\" height=\"132\" src=\"\/docs-mcloud\/wp-content\/uploads\/sites\/4\/2026\/02\/image-1.png\" alt=\"\" class=\"wp-image-2925\" srcset=\"\/docs-mcloud\/wp-content\/uploads\/sites\/4\/2026\/02\/image-1.png 439w, \/docs-mcloud\/wp-content\/uploads\/sites\/4\/2026\/02\/image-1-300x90.png 300w\" sizes=\"auto, (max-width: 439px) 100vw, 439px\" \/><\/figure>\n\n\n\n<h3 class=\"wp-block-heading\">Bedingte Formatierung<\/h3>\n\n\n\n<p>Mit der bedingten Formatierung lassen sich einzelne Bedingungen zur farblichen Hervorhebung von Zellen erstellen.<\/p>\n\n\n\n<figure class=\"wp-block-image size-full\"><img loading=\"lazy\" decoding=\"async\" width=\"668\" height=\"259\" src=\"\/docs-mcloud\/wp-content\/uploads\/sites\/4\/2026\/02\/image-4.png\" alt=\"\" class=\"wp-image-2928\" srcset=\"\/docs-mcloud\/wp-content\/uploads\/sites\/4\/2026\/02\/image-4.png 668w, \/docs-mcloud\/wp-content\/uploads\/sites\/4\/2026\/02\/image-4-300x116.png 300w\" sizes=\"auto, (max-width: 668px) 100vw, 668px\" \/><\/figure>\n\n\n\n<p>Die Reihenfolge\/Priorisierung f\u00fcr die Verarbeitung der Bedingungen erfolgt \u00fcber die Pfeiltasten.<\/p>\n\n\n\n<p><em>Vorlagen<\/em><br>Individuelle Formatierungen lassen sich als Vorlage(n) unter einem eigenen Label abspeichern. Die Vorlage(n) wird\/werden bei Speicherung der Tabellierung oder Projekten \u00fcbertragen.<\/p>\n\n\n\n<figure class=\"wp-block-image size-full\"><img loading=\"lazy\" decoding=\"async\" width=\"185\" height=\"65\" src=\"\/docs-mcloud\/wp-content\/uploads\/sites\/4\/2026\/02\/image-14.png\" alt=\"\" class=\"wp-image-2949\" \/><\/figure>\n\n\n\n<p><em>Neu<\/em> <br>\u00dcber den Button lassen sich verschiedene Bedingungen f\u00fcr die farbliche Formatierung hinzuf\u00fcgen.<\/p>\n\n\n\n<p><em>Alle entfernen<\/em><br>Die gesamten Formatierungsbedingungen werden gel\u00f6scht.<\/p>\n\n\n\n<p><strong>Filter<\/strong><em> <\/em><em>(Auf allen identischen Spalten anwenden)<\/em><br>Bei Aktivierung werden die erstellten Bedingungen auf die Spalten individueller Leistungswerte in der Tabelle \u00fcbertragen. Hierf\u00fcr erscheint die Anzeige der verf\u00fcgbaren Leistungswerte zum \u00dcbertrag.<\/p>\n\n\n\n<figure class=\"wp-block-image size-full\"><img loading=\"lazy\" decoding=\"async\" width=\"475\" height=\"67\" src=\"\/docs-mcloud\/wp-content\/uploads\/sites\/4\/2026\/02\/image-8.png\" alt=\"\" class=\"wp-image-2932\" srcset=\"\/docs-mcloud\/wp-content\/uploads\/sites\/4\/2026\/02\/image-8.png 475w, \/docs-mcloud\/wp-content\/uploads\/sites\/4\/2026\/02\/image-8-300x42.png 300w\" sizes=\"auto, (max-width: 475px) 100vw, 475px\" \/><\/figure>\n\n\n\n<p>Standardm\u00e4\u00dfig wird dabei der ausgew\u00e4hlte Leistungswert angezeigt, um alle Spalten mit dem gleichen Leistungswert direkt zu formatieren.<\/p>\n\n\n\n<p><br>Alternativ k\u00f6nnen individuell (mehrere) Spalten im Fenster oder \u00fcber die Benutzeroberfl\u00e4che selektiert werden:<\/p>\n\n\n\n<p><em>Im Fenster<\/em><br>Im Beispiel werden nicht die Spalten des gleichen Leistungswertes <em>F\u00e4lle<\/em> formatiert, sondern jetzt die Spalten mit den Leistungswerten <em>% Vert<\/em> und <em>Tsd.<\/em><\/p>\n\n\n\n<figure class=\"wp-block-image size-full\"><img loading=\"lazy\" decoding=\"async\" width=\"464\" height=\"71\" src=\"\/docs-mcloud\/wp-content\/uploads\/sites\/4\/2026\/02\/image-9.png\" alt=\"\" class=\"wp-image-2933\" srcset=\"\/docs-mcloud\/wp-content\/uploads\/sites\/4\/2026\/02\/image-9.png 464w, \/docs-mcloud\/wp-content\/uploads\/sites\/4\/2026\/02\/image-9-300x46.png 300w\" sizes=\"auto, (max-width: 464px) 100vw, 464px\" \/><\/figure>\n\n\n\n<p><em>Auf der Benutzeroberfl\u00e4che<\/em><br>Im Beispiel werden mit der linken Maustaste die gew\u00fcnschten Leistungswerte markiert oder wieder entfernt.<\/p>\n\n\n\n<figure class=\"wp-block-image size-full\"><img loading=\"lazy\" decoding=\"async\" width=\"491\" height=\"117\" src=\"\/docs-mcloud\/wp-content\/uploads\/sites\/4\/2026\/02\/image-10.png\" alt=\"\" class=\"wp-image-2934\" srcset=\"\/docs-mcloud\/wp-content\/uploads\/sites\/4\/2026\/02\/image-10.png 491w, \/docs-mcloud\/wp-content\/uploads\/sites\/4\/2026\/02\/image-10-300x71.png 300w\" sizes=\"auto, (max-width: 491px) 100vw, 491px\" \/><\/figure>\n\n\n\n<p><\/p>\n\n\n\n<h3 class=\"wp-block-heading\">Bedingte Multiformatierung<\/h3>\n\n\n\n<p>Mit der bedingten Multiformatierung lassen sich einzelne Bedingungen f\u00fcr jeweils zwei unterschiedliche Spalten auf eine Zielspalte \u00fcbertragen.<\/p>\n\n\n\n<figure class=\"wp-block-image size-full\"><img loading=\"lazy\" decoding=\"async\" width=\"666\" height=\"325\" src=\"\/docs-mcloud\/wp-content\/uploads\/sites\/4\/2026\/02\/image-12.png\" alt=\"\" class=\"wp-image-2936\" srcset=\"\/docs-mcloud\/wp-content\/uploads\/sites\/4\/2026\/02\/image-12.png 666w, \/docs-mcloud\/wp-content\/uploads\/sites\/4\/2026\/02\/image-12-300x146.png 300w\" sizes=\"auto, (max-width: 666px) 100vw, 666px\" \/><\/figure>\n\n\n\n<p>F\u00fcr die Zielspalte wird idealerweise eine andere Spalte zu den ausgew\u00e4hlten Spalten ausgew\u00e4hlt. Die Verwendung eine der vorgegebenen Spalten ist aber auch als Zielspalte m\u00f6glich.<\/p>\n\n\n\n<p>\u00dcber die Textfarbe und Hintergrundfarbe lassen sich die formatierten Zellen nicht nur farblich hervorheben, sondern auch die Farbe des Textes\/der Werte individuell anpassen.<\/p>\n\n\n\n<p><\/p>\n\n\n\n<h3 class=\"wp-block-heading\">Allgemeine Bedingungen zur (Multi)Formatierung<\/h3>\n\n\n\n<p><em>Wert<\/em><br>Es wird ein Wert\/Wertebereich vorgegeben<\/p>\n\n\n\n<figure class=\"wp-block-image size-full\"><img loading=\"lazy\" decoding=\"async\" width=\"79\" height=\"60\" src=\"\/docs-mcloud\/wp-content\/uploads\/sites\/4\/2026\/02\/image-5.png\" alt=\"\" class=\"wp-image-2929\" \/><\/figure>\n\n\n\n<p><em>Quantil<\/em><br>F\u00fcr die Formatierung werden die Daten der Spalte prozentual aufgeteilt. Der dann definierte Anteil der Ergebnisse wird farblich formatiert.<\/p>\n\n\n\n<p><em>Operationen<\/em><br>Zur Differenzierung stehen g\u00e4ngige mathematische Formatierungsangaben zur Verf\u00fcgung.<\/p>\n\n\n\n<figure class=\"wp-block-image size-full\"><img loading=\"lazy\" decoding=\"async\" width=\"175\" height=\"229\" src=\"\/docs-mcloud\/wp-content\/uploads\/sites\/4\/2026\/02\/image-7.png\" alt=\"\" class=\"wp-image-2931\" \/><\/figure>\n\n\n\n<p><\/p>\n","protected":false},"excerpt":{"rendered":"<p>Werte, die eine bestimmte Bedingung erf\u00fcllen, k\u00f6nnen optisch hervorgehoben werden. Wichtige Daten in einer Tabelle lassen sich so auf einen Blick erfassen. Die bedingte (Multi)Formatierung ist \u00fcber das Kontextmenu abrufbar: Bedingte Formatierung Mit der bedingten Formatierung lassen sich einzelne Bedingungen zur farblichen Hervorhebung von Zellen erstellen. Die Reihenfolge\/Priorisierung f\u00fcr die Verarbeitung der Bedingungen erfolgt \u00fcber [&hellip;]<\/p>\n","protected":false},"author":7,"featured_media":0,"parent":1518,"menu_order":4,"comment_status":"closed","ping_status":"closed","template":"","meta":{"_acf_changed":false,"inline_featured_image":false,"footnotes":""},"class_list":["post-1620","page","type-page","status-publish","hentry"],"acf":[],"_links":{"self":[{"href":"\/docs-mcloud\/wp-json\/wp\/v2\/pages\/1620","targetHints":{"allow":["GET"]}}],"collection":[{"href":"\/docs-mcloud\/wp-json\/wp\/v2\/pages"}],"about":[{"href":"\/docs-mcloud\/wp-json\/wp\/v2\/types\/page"}],"author":[{"embeddable":true,"href":"\/docs-mcloud\/wp-json\/wp\/v2\/users\/7"}],"replies":[{"embeddable":true,"href":"\/docs-mcloud\/wp-json\/wp\/v2\/comments?post=1620"}],"version-history":[{"count":4,"href":"\/docs-mcloud\/wp-json\/wp\/v2\/pages\/1620\/revisions"}],"predecessor-version":[{"id":2950,"href":"\/docs-mcloud\/wp-json\/wp\/v2\/pages\/1620\/revisions\/2950"}],"up":[{"embeddable":true,"href":"\/docs-mcloud\/wp-json\/wp\/v2\/pages\/1518"}],"wp:attachment":[{"href":"\/docs-mcloud\/wp-json\/wp\/v2\/media?parent=1620"}],"curies":[{"name":"wp","href":"https:\/\/api.w.org\/{rel}","templated":true}]}}