{"id":1588,"date":"2020-12-04T07:17:10","date_gmt":"2020-12-04T07:17:10","guid":{"rendered":"\/docs-mcloud\/hilfe\/tabellierung\/auswertung-bearbeiten\/zielgruppen-in-zeilen-und-spalten-editieren\/verknuepfte-zielgruppe-aufloesen\/"},"modified":"2023-08-31T10:00:30","modified_gmt":"2023-08-31T10:00:30","slug":"verknuepfte-zielgruppe-aufloesen","status":"publish","type":"page","link":"\/docs-mcloud\/hilfe\/tabellierung\/auswertung-bearbeiten\/zielgruppen-in-zeilen-und-spalten-editieren\/verknuepfte-zielgruppe-aufloesen\/","title":{"rendered":"Verkn\u00fcpfte Zielgruppe aufl\u00f6sen"},"content":{"rendered":"\n<p>\u00dcber das Men\u00fc der rechten Maustaste k\u00f6nnen verkn\u00fcpfte Zielgruppen wieder aufgel\u00f6st werden.<\/p>\n\n\n\n<figure class=\"wp-block-image size-large\"><img loading=\"lazy\" decoding=\"async\" width=\"455\" height=\"203\" src=\"\/docs-mcloud\/wp-content\/uploads\/sites\/4\/2020\/12\/AuswertungBearbeiten12.png\" alt=\"\" class=\"wp-image-1590\" srcset=\"\/docs-mcloud\/wp-content\/uploads\/sites\/4\/2020\/12\/AuswertungBearbeiten12.png 455w, \/docs-mcloud\/wp-content\/uploads\/sites\/4\/2020\/12\/AuswertungBearbeiten12-300x134.png 300w\" sizes=\"auto, (max-width: 455px) 100vw, 455px\" \/><\/figure>\n","protected":false},"excerpt":{"rendered":"<p>\u00dcber das Men\u00fc der rechten Maustaste k\u00f6nnen verkn\u00fcpfte Zielgruppen wieder aufgel\u00f6st werden.<\/p>\n","protected":false},"author":7,"featured_media":0,"parent":1545,"menu_order":3,"comment_status":"closed","ping_status":"closed","template":"","meta":{"_acf_changed":false,"inline_featured_image":false,"footnotes":""},"class_list":["post-1588","page","type-page","status-publish","hentry"],"acf":[],"_links":{"self":[{"href":"\/docs-mcloud\/wp-json\/wp\/v2\/pages\/1588","targetHints":{"allow":["GET"]}}],"collection":[{"href":"\/docs-mcloud\/wp-json\/wp\/v2\/pages"}],"about":[{"href":"\/docs-mcloud\/wp-json\/wp\/v2\/types\/page"}],"author":[{"embeddable":true,"href":"\/docs-mcloud\/wp-json\/wp\/v2\/users\/7"}],"replies":[{"embeddable":true,"href":"\/docs-mcloud\/wp-json\/wp\/v2\/comments?post=1588"}],"version-history":[{"count":1,"href":"\/docs-mcloud\/wp-json\/wp\/v2\/pages\/1588\/revisions"}],"predecessor-version":[{"id":1591,"href":"\/docs-mcloud\/wp-json\/wp\/v2\/pages\/1588\/revisions\/1591"}],"up":[{"embeddable":true,"href":"\/docs-mcloud\/wp-json\/wp\/v2\/pages\/1545"}],"wp:attachment":[{"href":"\/docs-mcloud\/wp-json\/wp\/v2\/media?parent=1588"}],"curies":[{"name":"wp","href":"https:\/\/api.w.org\/{rel}","templated":true}]}}