{"id":1549,"date":"2020-12-04T05:59:11","date_gmt":"2020-12-04T05:59:11","guid":{"rendered":"\/docs-mcloud\/hilfe\/tabellierung\/auswertung-bearbeiten\/zielgruppen-in-zeilen-und-spalten-editieren\/zielgruppentext-aendern\/"},"modified":"2023-08-31T10:00:30","modified_gmt":"2023-08-31T10:00:30","slug":"zielgruppentext-aendern","status":"publish","type":"page","link":"\/docs-mcloud\/hilfe\/tabellierung\/auswertung-bearbeiten\/zielgruppen-in-zeilen-und-spalten-editieren\/zielgruppentext-aendern\/","title":{"rendered":"Zielgruppentext \u00e4ndern"},"content":{"rendered":"\n<p>\u00dcber die Auswahl im Men\u00fc der rechten Maustaste k\u00f6nnen Sie die Bezeichnung einer Zielgruppe anpassen (<em>Bezeichnung \u00e4ndern<\/em>). Es k\u00f6nnen sowohl die Texte verkn\u00fcpfter Zielgruppen als auch einzelner Merkmalsauspr\u00e4gungen ge\u00e4ndert werden.<\/p>\n\n\n\n<div class=\"wp-block-columns is-layout-flex wp-container-core-columns-is-layout-9d6595d7 wp-block-columns-is-layout-flex\">\n<div class=\"wp-block-column is-layout-flow wp-block-column-is-layout-flow\">\n<figure class=\"wp-block-image size-large\"><a href=\"\/docs-mcloud\/wp-content\/uploads\/sites\/4\/2020\/12\/AuswertungBearbeiten8.png\"><img loading=\"lazy\" decoding=\"async\" width=\"426\" height=\"176\" src=\"\/docs-mcloud\/wp-content\/uploads\/sites\/4\/2020\/12\/AuswertungBearbeiten8.png\" alt=\"\" class=\"wp-image-1579\" srcset=\"\/docs-mcloud\/wp-content\/uploads\/sites\/4\/2020\/12\/AuswertungBearbeiten8.png 426w, \/docs-mcloud\/wp-content\/uploads\/sites\/4\/2020\/12\/AuswertungBearbeiten8-300x124.png 300w\" sizes=\"auto, (max-width: 426px) 100vw, 426px\" \/><\/a><\/figure>\n<\/div>\n\n\n\n<div class=\"wp-block-column is-layout-flow wp-block-column-is-layout-flow\">\n<figure class=\"wp-block-image size-large\"><a href=\"\/docs-mcloud\/wp-content\/uploads\/sites\/4\/2020\/12\/AuswertungBearbeiten7.png\"><img loading=\"lazy\" decoding=\"async\" width=\"413\" height=\"170\" src=\"\/docs-mcloud\/wp-content\/uploads\/sites\/4\/2020\/12\/AuswertungBearbeiten7.png\" alt=\"\" class=\"wp-image-1580\" srcset=\"\/docs-mcloud\/wp-content\/uploads\/sites\/4\/2020\/12\/AuswertungBearbeiten7.png 413w, \/docs-mcloud\/wp-content\/uploads\/sites\/4\/2020\/12\/AuswertungBearbeiten7-300x123.png 300w\" sizes=\"auto, (max-width: 413px) 100vw, 413px\" \/><\/a><\/figure>\n<\/div>\n<\/div>\n\n\n\n<p>Der Originaltext einer verkn\u00fcpften und mit einer ge\u00e4nderten Bezeichnung versehenen Zielgruppe geht nicht verloren. \u00dcber <em>Bearbeiten<\/em> erreichen Sie den Editier-Modus, in dem die komplette Zielgruppendefinition eingeblendet wird.<\/p>\n","protected":false},"excerpt":{"rendered":"<p>\u00dcber die Auswahl im Men\u00fc der rechten Maustaste k\u00f6nnen Sie die Bezeichnung einer Zielgruppe anpassen (Bezeichnung \u00e4ndern). Es k\u00f6nnen sowohl die Texte verkn\u00fcpfter Zielgruppen als auch einzelner Merkmalsauspr\u00e4gungen ge\u00e4ndert werden. Der Originaltext einer verkn\u00fcpften und mit einer ge\u00e4nderten Bezeichnung versehenen Zielgruppe geht nicht verloren. \u00dcber Bearbeiten erreichen Sie den Editier-Modus, in dem die komplette Zielgruppendefinition [&hellip;]<\/p>\n","protected":false},"author":7,"featured_media":0,"parent":1545,"menu_order":0,"comment_status":"closed","ping_status":"closed","template":"","meta":{"_acf_changed":false,"inline_featured_image":false,"footnotes":""},"class_list":["post-1549","page","type-page","status-publish","hentry"],"acf":[],"_links":{"self":[{"href":"\/docs-mcloud\/wp-json\/wp\/v2\/pages\/1549","targetHints":{"allow":["GET"]}}],"collection":[{"href":"\/docs-mcloud\/wp-json\/wp\/v2\/pages"}],"about":[{"href":"\/docs-mcloud\/wp-json\/wp\/v2\/types\/page"}],"author":[{"embeddable":true,"href":"\/docs-mcloud\/wp-json\/wp\/v2\/users\/7"}],"replies":[{"embeddable":true,"href":"\/docs-mcloud\/wp-json\/wp\/v2\/comments?post=1549"}],"version-history":[{"count":4,"href":"\/docs-mcloud\/wp-json\/wp\/v2\/pages\/1549\/revisions"}],"predecessor-version":[{"id":1985,"href":"\/docs-mcloud\/wp-json\/wp\/v2\/pages\/1549\/revisions\/1985"}],"up":[{"embeddable":true,"href":"\/docs-mcloud\/wp-json\/wp\/v2\/pages\/1545"}],"wp:attachment":[{"href":"\/docs-mcloud\/wp-json\/wp\/v2\/media?parent=1549"}],"curies":[{"name":"wp","href":"https:\/\/api.w.org\/{rel}","templated":true}]}}