{"id":1346,"date":"2020-12-03T10:46:24","date_gmt":"2020-12-03T10:46:24","guid":{"rendered":"\/docs-mcloud\/hilfe\/streuplan\/schaltungen\/"},"modified":"2023-08-31T10:00:30","modified_gmt":"2023-08-31T10:00:30","slug":"schaltungen","status":"publish","type":"page","link":"\/docs-mcloud\/hilfe\/streuplan\/schaltungen\/","title":{"rendered":"Schaltungen"},"content":{"rendered":"\n<p>Die Belegungen der Werbetr\u00e4ger f\u00fcr eine Kampagne k\u00f6nnen im zeitlichen Ablauf geplant werden.<\/p>\n\n\n\n<figure class=\"wp-block-image size-large\"><a href=\"\/docs-mcloud\/wp-content\/uploads\/sites\/4\/2020\/12\/streuplan-schaltungen.png\"><img loading=\"lazy\" decoding=\"async\" width=\"448\" height=\"205\" src=\"\/docs-mcloud\/wp-content\/uploads\/sites\/4\/2020\/12\/streuplan-schaltungen.png\" alt=\"\" class=\"wp-image-1348\" srcset=\"\/docs-mcloud\/wp-content\/uploads\/sites\/4\/2020\/12\/streuplan-schaltungen.png 448w, \/docs-mcloud\/wp-content\/uploads\/sites\/4\/2020\/12\/streuplan-schaltungen-300x137.png 300w\" sizes=\"auto, (max-width: 448px) 100vw, 448px\" \/><\/a><\/figure>\n\n\n\n<p>\u00dcber den Button <em>Schaltungen<\/em> im Kopf eines Plans rufen Sie ein Kalenderblatt auf, auf dem die Belegungen eingegeben werden.<\/p>\n\n\n\n<h2 class=\"wp-block-heading\">Planungskalender<\/h2>\n\n\n\n<figure class=\"wp-block-image size-large\"><a href=\"\/docs-mcloud\/wp-content\/uploads\/sites\/4\/2020\/12\/streuplan-kalender.png\"><img loading=\"lazy\" decoding=\"async\" width=\"1011\" height=\"392\" src=\"\/docs-mcloud\/wp-content\/uploads\/sites\/4\/2020\/12\/streuplan-kalender.png\" alt=\"\" class=\"wp-image-1350\" srcset=\"\/docs-mcloud\/wp-content\/uploads\/sites\/4\/2020\/12\/streuplan-kalender.png 1011w, \/docs-mcloud\/wp-content\/uploads\/sites\/4\/2020\/12\/streuplan-kalender-300x116.png 300w, \/docs-mcloud\/wp-content\/uploads\/sites\/4\/2020\/12\/streuplan-kalender-768x298.png 768w\" sizes=\"auto, (max-width: 1011px) 100vw, 1011px\" \/><\/a><\/figure>\n\n\n\n<p>Im Kalenderblatt werden die Erscheinungstage mit Preiszoneninformation farblich dokumentiert:<\/p>\n\n\n\n<figure class=\"wp-block-table is-style-stripes\"><table><tbody><tr><td>Rot<\/td><td>Hohe Preise<\/td><\/tr><tr><td>Orange<\/td><td>Mittlere Preise<\/td><\/tr><tr><td>Gelborange<\/td><td>Niedrige Preise<\/td><\/tr><tr><td>Hellgelb<\/td><td>Jahresdurchschnittspreise \/ Festpreis<\/td><\/tr><tr><td>Grau<\/td><td>Keine Informationen zu Erscheinungsweise resp. keine Zeitschriften\/ Wochenzeitungen<\/td><\/tr><\/tbody><\/table><\/figure>\n\n\n\n<h3 class=\"wp-block-heading\">Planungszeitraum<\/h3>\n\n\n\n<p>Der definierte Planungszeitraum wird im Kalender hervorgehoben.<\/p>\n\n\n\n<figure class=\"wp-block-image size-large\"><a href=\"\/docs-mcloud\/wp-content\/uploads\/sites\/4\/2020\/12\/streuplan-kalender-zeitraum.png\"><img loading=\"lazy\" decoding=\"async\" width=\"721\" height=\"116\" src=\"\/docs-mcloud\/wp-content\/uploads\/sites\/4\/2020\/12\/streuplan-kalender-zeitraum.png\" alt=\"\" class=\"wp-image-1353\" srcset=\"\/docs-mcloud\/wp-content\/uploads\/sites\/4\/2020\/12\/streuplan-kalender-zeitraum.png 721w, \/docs-mcloud\/wp-content\/uploads\/sites\/4\/2020\/12\/streuplan-kalender-zeitraum-300x48.png 300w\" sizes=\"auto, (max-width: 721px) 100vw, 721px\" \/><\/a><\/figure>\n\n\n\n<h3 class=\"wp-block-heading\">Wochen- und Tagesansicht<\/h3>\n\n\n\n<p>Standardm\u00e4\u00dfig werden im Kalender Wochen angezeigt. Sie k\u00f6nnen zur Tagesansicht wechseln indem Sie auf die jeweilige Kalenderwoche klicken. Zur\u00fcck zur Wochenansicht wechseln Sie, indem Sie nochmals auf die Kalenderwoche klicken.<\/p>\n\n\n\n<div class=\"wp-block-columns is-layout-flex wp-container-core-columns-is-layout-9d6595d7 wp-block-columns-is-layout-flex\">\n<div class=\"wp-block-column is-layout-flow wp-block-column-is-layout-flow\">\n<figure class=\"wp-block-image size-large\"><a href=\"\/docs-mcloud\/wp-content\/uploads\/sites\/4\/2020\/12\/streuplan-kalender-wochen.png\"><img loading=\"lazy\" decoding=\"async\" width=\"161\" height=\"192\" src=\"\/docs-mcloud\/wp-content\/uploads\/sites\/4\/2020\/12\/streuplan-kalender-wochen.png\" alt=\"\" class=\"wp-image-1359\" \/><\/a><figcaption>Wochenansicht<\/figcaption><\/figure>\n<\/div>\n\n\n\n<div class=\"wp-block-column is-layout-flow wp-block-column-is-layout-flow\">\n<figure class=\"wp-block-image size-large\"><a href=\"\/docs-mcloud\/wp-content\/uploads\/sites\/4\/2020\/12\/streuplan-kalender-tage.png\"><img loading=\"lazy\" decoding=\"async\" width=\"403\" height=\"190\" src=\"\/docs-mcloud\/wp-content\/uploads\/sites\/4\/2020\/12\/streuplan-kalender-tage.png\" alt=\"\" class=\"wp-image-1360\" srcset=\"\/docs-mcloud\/wp-content\/uploads\/sites\/4\/2020\/12\/streuplan-kalender-tage.png 403w, \/docs-mcloud\/wp-content\/uploads\/sites\/4\/2020\/12\/streuplan-kalender-tage-300x141.png 300w\" sizes=\"auto, (max-width: 403px) 100vw, 403px\" \/><\/a><figcaption>Tagesansicht<\/figcaption><\/figure>\n<\/div>\n<\/div>\n\n\n\n<p>Alternativ k\u00f6nnen Sie \u00fcber das Kontextmen\u00fc der Tabellenspalten die Option Tagesansicht aktivieren.<\/p>\n\n\n\n<figure class=\"wp-block-image size-large\"><a href=\"\/docs-mcloud\/wp-content\/uploads\/sites\/4\/2020\/12\/streuplan-kalender-tagesansicht.png\"><img loading=\"lazy\" decoding=\"async\" width=\"256\" height=\"123\" src=\"\/docs-mcloud\/wp-content\/uploads\/sites\/4\/2020\/12\/streuplan-kalender-tagesansicht.png\" alt=\"\" class=\"wp-image-1391\" \/><\/a><\/figure>\n\n\n\n<h3 class=\"wp-block-heading\">Tabellenkopf<\/h3>\n\n\n\n<p>Im Tabellenkopf werden die Plankosten und die Anzahl der bereits vergebenen Schaltungen angezeigt.<\/p>\n\n\n\n<p>Es kann zwischen Werbetr\u00e4gerkontakten und Werbemittelkontakten sowie zwischen Einfachkontakten und Mehrfachkontakten gewechselt werden.<\/p>\n\n\n\n<figure class=\"wp-block-image size-large\"><a href=\"\/docs-mcloud\/wp-content\/uploads\/sites\/4\/2020\/12\/streuplan-kalender-kopf.png\"><img loading=\"lazy\" decoding=\"async\" width=\"289\" height=\"104\" src=\"\/docs-mcloud\/wp-content\/uploads\/sites\/4\/2020\/12\/streuplan-kalender-kopf.png\" alt=\"\" class=\"wp-image-1354\" \/><\/a><\/figure>\n\n\n\n<h3 class=\"wp-block-heading\">Informationen pro Titel<\/h3>\n\n\n\n<figure class=\"wp-block-table is-style-stripes\"><table><tbody><tr><td>Freq.<\/td><td>Anzahl vergebener \/ geplanter Belegungen<\/td><\/tr><tr><td>GRP<\/td><td>Bruttoreichweite des Titels bei einer Belegung<\/td><\/tr><\/tbody><\/table><\/figure>\n\n\n\n<h3 class=\"wp-block-heading\">Informationen Leistungswerte<\/h3>\n\n\n\n<p>Im unteren Abschnitt des Fensters wird die Verteilung des Werbedrucks im zeitlichen Verlauf dokumentiert.<\/p>\n\n\n\n<figure class=\"wp-block-image size-large\"><a href=\"\/docs-mcloud\/wp-content\/uploads\/sites\/4\/2020\/12\/streuplan-kalender-lw.png\"><img loading=\"lazy\" decoding=\"async\" width=\"482\" height=\"257\" src=\"\/docs-mcloud\/wp-content\/uploads\/sites\/4\/2020\/12\/streuplan-kalender-lw.png\" alt=\"\" class=\"wp-image-1400\" srcset=\"\/docs-mcloud\/wp-content\/uploads\/sites\/4\/2020\/12\/streuplan-kalender-lw.png 482w, \/docs-mcloud\/wp-content\/uploads\/sites\/4\/2020\/12\/streuplan-kalender-lw-300x160.png 300w\" sizes=\"auto, (max-width: 482px) 100vw, 482px\" \/><\/a><\/figure>\n\n\n\n<figure class=\"wp-block-table is-style-stripes\"><table><tbody><tr><td>Index GRP<\/td><td>Der Index wird berechnet aus den erzielten Kontakten des Plans bezogen auf die Anzahl Wochen des Kampagnenzeitraums.<\/td><\/tr><tr><td>GRP<\/td><td>Bruttoreichweite in % pro Woche<br>(In welcher Woche wird die h\u00f6chste Bruttoreichweite erzielt?)<\/td><\/tr><tr><td>Kumulierte Nettoreichweite %<\/td><td>Die Gesamtreichweite wird mit der letzten Belegung erreicht<br>(Ab welcher Woche ist der Anstieg der Reichweite nicht mehr relevant?)<\/td><\/tr><tr><td>Kontakte Tsd.<\/td><td>Erzielte Kontakte<\/td><\/tr><tr><td>GRP (pro Monat)<\/td><td>Aufteilung der erzielten Gesamt-Bruttoreichweite auf Monatsbasis<\/td><\/tr><tr><td>Kontakte Tsd. (pro Monat)<\/td><td>Aufteilung der erzielten Gesamt-Kontakte auf Monatsbasis<\/td><\/tr><\/tbody><\/table><\/figure>\n\n\n\n<h3 class=\"wp-block-heading\">Verteilen der Belegungen<\/h3>\n\n\n\n<h4 class=\"wp-block-heading\"><strong>Manuelle Verteilung<\/strong><\/h4>\n\n\n\n<p>Termine, an denen eine Belegung m\u00f6glich ist, werden im Kalender farbig hervorgehoben. Mit einem Klick auf die jeweilige Zelle belegen Sie den Termin f\u00fcr ein Medium. Die Belegung wird durch ein X im Kalender angezeigt.<\/p>\n\n\n\n<figure class=\"wp-block-image size-large\"><a href=\"\/docs-mcloud\/wp-content\/uploads\/sites\/4\/2020\/12\/streuplan-kalender-belegen.png\"><img loading=\"lazy\" decoding=\"async\" width=\"490\" height=\"190\" src=\"\/docs-mcloud\/wp-content\/uploads\/sites\/4\/2020\/12\/streuplan-kalender-belegen.png\" alt=\"\" class=\"wp-image-1368\" srcset=\"\/docs-mcloud\/wp-content\/uploads\/sites\/4\/2020\/12\/streuplan-kalender-belegen.png 490w, \/docs-mcloud\/wp-content\/uploads\/sites\/4\/2020\/12\/streuplan-kalender-belegen-300x116.png 300w\" sizes=\"auto, (max-width: 490px) 100vw, 490px\" \/><\/a><\/figure>\n\n\n\n<h4 class=\"wp-block-heading\"><strong>Automatische Verteilung<\/strong><\/h4>\n\n\n\n<p>Mit Klick auf die rechte Maustaste im Tabellenkopf \u00f6ffnet sich ein Kontextmen\u00fc, \u00fcber das Sie mit <em>Schaltungen \u00fcber Zeitraum verteilen<\/em> die automatische Verteilung der Belegungen \u00fcber den Kampagnenzeitraum ausl\u00f6sen.<\/p>\n\n\n\n<figure class=\"wp-block-image size-large\"><a href=\"\/docs-mcloud\/wp-content\/uploads\/sites\/4\/2020\/12\/streuplan-kalender-schaltungen-verteilen.png\"><img loading=\"lazy\" decoding=\"async\" width=\"324\" height=\"94\" src=\"\/docs-mcloud\/wp-content\/uploads\/sites\/4\/2020\/12\/streuplan-kalender-schaltungen-verteilen.png\" alt=\"\" class=\"wp-image-1382\" srcset=\"\/docs-mcloud\/wp-content\/uploads\/sites\/4\/2020\/12\/streuplan-kalender-schaltungen-verteilen.png 324w, \/docs-mcloud\/wp-content\/uploads\/sites\/4\/2020\/12\/streuplan-kalender-schaltungen-verteilen-300x87.png 300w\" sizes=\"auto, (max-width: 324px) 100vw, 324px\" \/><\/a><\/figure>\n\n\n\n<h3 class=\"wp-block-heading\">Zur Streuplanansicht wechseln<\/h3>\n\n\n\n<p>Die Kalenderansicht schlie\u00dfen Sie \u00fcber das <img decoding=\"async\" class=\"wp-image-1000\" style=\"width: 20px\" src=\"\/docs-mcloud\/wp-content\/uploads\/sites\/4\/2020\/11\/close.svg\" alt=\"\"> im linken Tabellenkopf.<\/p>\n\n\n\n<figure class=\"wp-block-image size-large\"><a href=\"\/docs-mcloud\/wp-content\/uploads\/sites\/4\/2020\/12\/streuplan-kalender-schliessen.png\"><img loading=\"lazy\" decoding=\"async\" width=\"288\" height=\"105\" src=\"\/docs-mcloud\/wp-content\/uploads\/sites\/4\/2020\/12\/streuplan-kalender-schliessen.png\" alt=\"\" class=\"wp-image-1373\" \/><\/a><\/figure>\n","protected":false},"excerpt":{"rendered":"<p>Die Belegungen der Werbetr\u00e4ger f\u00fcr eine Kampagne k\u00f6nnen im zeitlichen Ablauf geplant werden. \u00dcber den Button Schaltungen im Kopf eines Plans rufen Sie ein Kalenderblatt auf, auf dem die Belegungen eingegeben werden. Planungskalender Im Kalenderblatt werden die Erscheinungstage mit Preiszoneninformation farblich dokumentiert: Rot Hohe Preise Orange Mittlere Preise Gelborange Niedrige Preise Hellgelb Jahresdurchschnittspreise \/ Festpreis [&hellip;]<\/p>\n","protected":false},"author":1,"featured_media":0,"parent":660,"menu_order":6,"comment_status":"closed","ping_status":"closed","template":"","meta":{"_acf_changed":false,"inline_featured_image":false,"footnotes":""},"class_list":["post-1346","page","type-page","status-publish","hentry"],"acf":[],"_links":{"self":[{"href":"\/docs-mcloud\/wp-json\/wp\/v2\/pages\/1346","targetHints":{"allow":["GET"]}}],"collection":[{"href":"\/docs-mcloud\/wp-json\/wp\/v2\/pages"}],"about":[{"href":"\/docs-mcloud\/wp-json\/wp\/v2\/types\/page"}],"author":[{"embeddable":true,"href":"\/docs-mcloud\/wp-json\/wp\/v2\/users\/1"}],"replies":[{"embeddable":true,"href":"\/docs-mcloud\/wp-json\/wp\/v2\/comments?post=1346"}],"version-history":[{"count":25,"href":"\/docs-mcloud\/wp-json\/wp\/v2\/pages\/1346\/revisions"}],"predecessor-version":[{"id":2040,"href":"\/docs-mcloud\/wp-json\/wp\/v2\/pages\/1346\/revisions\/2040"}],"up":[{"embeddable":true,"href":"\/docs-mcloud\/wp-json\/wp\/v2\/pages\/660"}],"wp:attachment":[{"href":"\/docs-mcloud\/wp-json\/wp\/v2\/media?parent=1346"}],"curies":[{"name":"wp","href":"https:\/\/api.w.org\/{rel}","templated":true}]}}

<p>Die Belegungen der Werbeträger für eine Kampagne können im zeitlichen Ablauf geplant werden.</p>



<figure class="wp-block-image size-large"><a href="/docs-mcloud/wp-content/uploads/sites/4/2020/12/streuplan-schaltungen.png"><img loading="lazy" decoding="async" width="448" height="205" src="/docs-mcloud/wp-content/uploads/sites/4/2020/12/streuplan-schaltungen.png" alt="" class="wp-image-1348" srcset="/docs-mcloud/wp-content/uploads/sites/4/2020/12/streuplan-schaltungen.png 448w, /docs-mcloud/wp-content/uploads/sites/4/2020/12/streuplan-schaltungen-300x137.png 300w" sizes="auto, (max-width: 448px) 100vw, 448px" /></a></figure>



<p>Über den Button <em>Schaltungen</em> im Kopf eines Plans rufen Sie ein Kalenderblatt auf, auf dem die Belegungen eingegeben werden.</p>



<h2 class="wp-block-heading">Planungskalender</h2>



<figure class="wp-block-image size-large"><a href="/docs-mcloud/wp-content/uploads/sites/4/2020/12/streuplan-kalender.png"><img loading="lazy" decoding="async" width="1011" height="392" src="/docs-mcloud/wp-content/uploads/sites/4/2020/12/streuplan-kalender.png" alt="" class="wp-image-1350" srcset="/docs-mcloud/wp-content/uploads/sites/4/2020/12/streuplan-kalender.png 1011w, /docs-mcloud/wp-content/uploads/sites/4/2020/12/streuplan-kalender-300x116.png 300w, /docs-mcloud/wp-content/uploads/sites/4/2020/12/streuplan-kalender-768x298.png 768w" sizes="auto, (max-width: 1011px) 100vw, 1011px" /></a></figure>



<p>Im Kalenderblatt werden die Erscheinungstage mit Preiszoneninformation farblich dokumentiert:</p>



<figure class="wp-block-table is-style-stripes"><table><tbody><tr><td>Rot</td><td>Hohe Preise</td></tr><tr><td>Orange</td><td>Mittlere Preise</td></tr><tr><td>Gelborange</td><td>Niedrige Preise</td></tr><tr><td>Hellgelb</td><td>Jahresdurchschnittspreise / Festpreis</td></tr><tr><td>Grau</td><td>Keine Informationen zu Erscheinungsweise resp. keine Zeitschriften/ Wochenzeitungen</td></tr></tbody></table></figure>



<h3 class="wp-block-heading">Planungszeitraum</h3>



<p>Der definierte Planungszeitraum wird im Kalender hervorgehoben.</p>



<figure class="wp-block-image size-large"><a href="/docs-mcloud/wp-content/uploads/sites/4/2020/12/streuplan-kalender-zeitraum.png"><img loading="lazy" decoding="async" width="721" height="116" src="/docs-mcloud/wp-content/uploads/sites/4/2020/12/streuplan-kalender-zeitraum.png" alt="" class="wp-image-1353" srcset="/docs-mcloud/wp-content/uploads/sites/4/2020/12/streuplan-kalender-zeitraum.png 721w, /docs-mcloud/wp-content/uploads/sites/4/2020/12/streuplan-kalender-zeitraum-300x48.png 300w" sizes="auto, (max-width: 721px) 100vw, 721px" /></a></figure>



<h3 class="wp-block-heading">Wochen- und Tagesansicht</h3>



<p>Standardmäßig werden im Kalender Wochen angezeigt. Sie können zur Tagesansicht wechseln indem Sie auf die jeweilige Kalenderwoche klicken. Zurück zur Wochenansicht wechseln Sie, indem Sie nochmals auf die Kalenderwoche klicken.</p>



<div class="wp-block-columns is-layout-flex wp-container-core-columns-is-layout-9d6595d7 wp-block-columns-is-layout-flex">
<div class="wp-block-column is-layout-flow wp-block-column-is-layout-flow">
<figure class="wp-block-image size-large"><a href="/docs-mcloud/wp-content/uploads/sites/4/2020/12/streuplan-kalender-wochen.png"><img loading="lazy" decoding="async" width="161" height="192" src="/docs-mcloud/wp-content/uploads/sites/4/2020/12/streuplan-kalender-wochen.png" alt="" class="wp-image-1359" /></a><figcaption>Wochenansicht</figcaption></figure>
</div>



<div class="wp-block-column is-layout-flow wp-block-column-is-layout-flow">
<figure class="wp-block-image size-large"><a href="/docs-mcloud/wp-content/uploads/sites/4/2020/12/streuplan-kalender-tage.png"><img loading="lazy" decoding="async" width="403" height="190" src="/docs-mcloud/wp-content/uploads/sites/4/2020/12/streuplan-kalender-tage.png" alt="" class="wp-image-1360" srcset="/docs-mcloud/wp-content/uploads/sites/4/2020/12/streuplan-kalender-tage.png 403w, /docs-mcloud/wp-content/uploads/sites/4/2020/12/streuplan-kalender-tage-300x141.png 300w" sizes="auto, (max-width: 403px) 100vw, 403px" /></a><figcaption>Tagesansicht</figcaption></figure>
</div>
</div>



<p>Alternativ können Sie über das Kontextmenü der Tabellenspalten die Option Tagesansicht aktivieren.</p>



<figure class="wp-block-image size-large"><a href="/docs-mcloud/wp-content/uploads/sites/4/2020/12/streuplan-kalender-tagesansicht.png"><img loading="lazy" decoding="async" width="256" height="123" src="/docs-mcloud/wp-content/uploads/sites/4/2020/12/streuplan-kalender-tagesansicht.png" alt="" class="wp-image-1391" /></a></figure>



<h3 class="wp-block-heading">Tabellenkopf</h3>



<p>Im Tabellenkopf werden die Plankosten und die Anzahl der bereits vergebenen Schaltungen angezeigt.</p>



<p>Es kann zwischen Werbeträgerkontakten und Werbemittelkontakten sowie zwischen Einfachkontakten und Mehrfachkontakten gewechselt werden.</p>



<figure class="wp-block-image size-large"><a href="/docs-mcloud/wp-content/uploads/sites/4/2020/12/streuplan-kalender-kopf.png"><img loading="lazy" decoding="async" width="289" height="104" src="/docs-mcloud/wp-content/uploads/sites/4/2020/12/streuplan-kalender-kopf.png" alt="" class="wp-image-1354" /></a></figure>



<h3 class="wp-block-heading">Informationen pro Titel</h3>



<figure class="wp-block-table is-style-stripes"><table><tbody><tr><td>Freq.</td><td>Anzahl vergebener / geplanter Belegungen</td></tr><tr><td>GRP</td><td>Bruttoreichweite des Titels bei einer Belegung</td></tr></tbody></table></figure>



<h3 class="wp-block-heading">Informationen Leistungswerte</h3>



<p>Im unteren Abschnitt des Fensters wird die Verteilung des Werbedrucks im zeitlichen Verlauf dokumentiert.</p>



<figure class="wp-block-image size-large"><a href="/docs-mcloud/wp-content/uploads/sites/4/2020/12/streuplan-kalender-lw.png"><img loading="lazy" decoding="async" width="482" height="257" src="/docs-mcloud/wp-content/uploads/sites/4/2020/12/streuplan-kalender-lw.png" alt="" class="wp-image-1400" srcset="/docs-mcloud/wp-content/uploads/sites/4/2020/12/streuplan-kalender-lw.png 482w, /docs-mcloud/wp-content/uploads/sites/4/2020/12/streuplan-kalender-lw-300x160.png 300w" sizes="auto, (max-width: 482px) 100vw, 482px" /></a></figure>



<figure class="wp-block-table is-style-stripes"><table><tbody><tr><td>Index GRP</td><td>Der Index wird berechnet aus den erzielten Kontakten des Plans bezogen auf die Anzahl Wochen des Kampagnenzeitraums.</td></tr><tr><td>GRP</td><td>Bruttoreichweite in % pro Woche<br>(In welcher Woche wird die höchste Bruttoreichweite erzielt?)</td></tr><tr><td>Kumulierte Nettoreichweite %</td><td>Die Gesamtreichweite wird mit der letzten Belegung erreicht<br>(Ab welcher Woche ist der Anstieg der Reichweite nicht mehr relevant?)</td></tr><tr><td>Kontakte Tsd.</td><td>Erzielte Kontakte</td></tr><tr><td>GRP (pro Monat)</td><td>Aufteilung der erzielten Gesamt-Bruttoreichweite auf Monatsbasis</td></tr><tr><td>Kontakte Tsd. (pro Monat)</td><td>Aufteilung der erzielten Gesamt-Kontakte auf Monatsbasis</td></tr></tbody></table></figure>



<h3 class="wp-block-heading">Verteilen der Belegungen</h3>



<h4 class="wp-block-heading"><strong>Manuelle Verteilung</strong></h4>



<p>Termine, an denen eine Belegung möglich ist, werden im Kalender farbig hervorgehoben. Mit einem Klick auf die jeweilige Zelle belegen Sie den Termin für ein Medium. Die Belegung wird durch ein X im Kalender angezeigt.</p>



<figure class="wp-block-image size-large"><a href="/docs-mcloud/wp-content/uploads/sites/4/2020/12/streuplan-kalender-belegen.png"><img loading="lazy" decoding="async" width="490" height="190" src="/docs-mcloud/wp-content/uploads/sites/4/2020/12/streuplan-kalender-belegen.png" alt="" class="wp-image-1368" srcset="/docs-mcloud/wp-content/uploads/sites/4/2020/12/streuplan-kalender-belegen.png 490w, /docs-mcloud/wp-content/uploads/sites/4/2020/12/streuplan-kalender-belegen-300x116.png 300w" sizes="auto, (max-width: 490px) 100vw, 490px" /></a></figure>



<h4 class="wp-block-heading"><strong>Automatische Verteilung</strong></h4>



<p>Mit Klick auf die rechte Maustaste im Tabellenkopf öffnet sich ein Kontextmenü, über das Sie mit <em>Schaltungen über Zeitraum verteilen</em> die automatische Verteilung der Belegungen über den Kampagnenzeitraum auslösen.</p>



<figure class="wp-block-image size-large"><a href="/docs-mcloud/wp-content/uploads/sites/4/2020/12/streuplan-kalender-schaltungen-verteilen.png"><img loading="lazy" decoding="async" width="324" height="94" src="/docs-mcloud/wp-content/uploads/sites/4/2020/12/streuplan-kalender-schaltungen-verteilen.png" alt="" class="wp-image-1382" srcset="/docs-mcloud/wp-content/uploads/sites/4/2020/12/streuplan-kalender-schaltungen-verteilen.png 324w, /docs-mcloud/wp-content/uploads/sites/4/2020/12/streuplan-kalender-schaltungen-verteilen-300x87.png 300w" sizes="auto, (max-width: 324px) 100vw, 324px" /></a></figure>



<h3 class="wp-block-heading">Zur Streuplanansicht wechseln</h3>



<p>Die Kalenderansicht schließen Sie über das <img decoding="async" class="wp-image-1000" style="width: 20px" src="/docs-mcloud/wp-content/uploads/sites/4/2020/11/close.svg" alt=""> im linken Tabellenkopf.</p>



<figure class="wp-block-image size-large"><a href="/docs-mcloud/wp-content/uploads/sites/4/2020/12/streuplan-kalender-schliessen.png"><img loading="lazy" decoding="async" width="288" height="105" src="/docs-mcloud/wp-content/uploads/sites/4/2020/12/streuplan-kalender-schliessen.png" alt="" class="wp-image-1373" /></a></figure>

<p>Die Belegungen der Werbeträger für eine Kampagne können im zeitlichen Ablauf geplant werden. Über den Button Schaltungen im Kopf eines Plans rufen Sie ein Kalenderblatt auf, auf dem die Belegungen eingegeben werden. Planungskalender Im Kalenderblatt werden die Erscheinungstage mit Preiszoneninformation farblich dokumentiert: Rot Hohe Preise Orange Mittlere Preise Gelborange Niedrige Preise Hellgelb Jahresdurchschnittspreise / Festpreis [&hellip;]</p>
