{"id":1059,"date":"2020-12-02T08:45:00","date_gmt":"2020-12-02T08:45:51","guid":{"rendered":"\/docs-mcloud\/hilfe\/rangreihe\/leistungswerte\/"},"modified":"2023-08-31T10:00:30","modified_gmt":"2023-08-31T10:00:30","slug":"rangreihe_bearbeiten","status":"publish","type":"page","link":"\/docs-mcloud\/hilfe\/rangreihe\/rangreihe_bearbeiten\/","title":{"rendered":"Rangreihe bearbeiten"},"content":{"rendered":"\n<p>Die Rangreihe kann analog zur <a href=\"\/docs-mcloud\/hilfe\/tabellierung\/auswertung-bearbeiten\/\">Tabellierung<\/a> individuell angepasst werden. Medien k\u00f6nnen sortiert, Wertebereiche gefiltert und bedingte Formatierungen eingerichtet werden. Spezifisch f\u00fcr die Rangreihe ist die Darstellung von Histogrammen.<\/p>\n\n\n\n<h2 class=\"wp-block-heading\">Sortieren<\/h2>\n\n\n\n<figure class=\"wp-block-image size-large\"><a href=\"\/docs-mcloud\/wp-content\/uploads\/sites\/4\/2020\/12\/Rang-sort.png\"><img loading=\"lazy\" decoding=\"async\" width=\"692\" height=\"334\" src=\"\/docs-mcloud\/wp-content\/uploads\/sites\/4\/2020\/12\/Rang-sort.png\" alt=\"\" class=\"wp-image-1512\" srcset=\"\/docs-mcloud\/wp-content\/uploads\/sites\/4\/2020\/12\/Rang-sort.png 692w, \/docs-mcloud\/wp-content\/uploads\/sites\/4\/2020\/12\/Rang-sort-300x145.png 300w\" sizes=\"auto, (max-width: 692px) 100vw, 692px\" \/><\/a><figcaption>Ein Klick auf den Pfeil im Spaltenkopf oberhalb des Leistungswerts sortiert die Tabelle.<\/figcaption><\/figure>\n\n\n\n<h2 class=\"wp-block-heading\">Wertebereiche filtern<\/h2>\n\n\n\n<p>\u00dcber die Eingabe einer Bedingung im Feld <em>Filter <\/em>unterhalb des Leistungswertes werden die Zeilen der Tabelle eingeschr\u00e4nkt.<\/p>\n\n\n\n<figure class=\"wp-block-image size-large\"><a href=\"\/docs-mcloud\/wp-content\/uploads\/sites\/4\/2020\/12\/Rang-filter.png\"><img loading=\"lazy\" decoding=\"async\" width=\"691\" height=\"295\" src=\"\/docs-mcloud\/wp-content\/uploads\/sites\/4\/2020\/12\/Rang-filter.png\" alt=\"\" class=\"wp-image-1515\" srcset=\"\/docs-mcloud\/wp-content\/uploads\/sites\/4\/2020\/12\/Rang-filter.png 691w, \/docs-mcloud\/wp-content\/uploads\/sites\/4\/2020\/12\/Rang-filter-300x128.png 300w\" sizes=\"auto, (max-width: 691px) 100vw, 691px\" \/><\/a><figcaption>Zwei Spalten wurden mit einem Filter belegt.<\/figcaption><\/figure>\n\n\n\n<p>Beispiele von Bedingungen:<\/p>\n\n\n\n<figure class=\"wp-block-table is-style-stripes\"><table><thead><tr><th class=\"has-text-align-left\" data-align=\"left\">Ausdruck<\/th><th class=\"has-text-align-left\" data-align=\"left\">Beschreibung<\/th><\/tr><\/thead><tbody><tr><td class=\"has-text-align-left\" data-align=\"left\">&lt; 20<\/td><td class=\"has-text-align-left\" data-align=\"left\">Alle Werte kleiner 20<\/td><\/tr><tr><td class=\"has-text-align-left\" data-align=\"left\">&gt;= 20<\/td><td class=\"has-text-align-left\" data-align=\"left\">Alle Werte gr\u00f6\u00dfer oder gleich 20<\/td><\/tr><tr><td class=\"has-text-align-left\" data-align=\"left\">&gt;5 &amp;&amp; &lt;= 10<\/td><td class=\"has-text-align-left\" data-align=\"left\">Alle Werte, welche gr\u00f6\u00dfer als 5 sind und kleiner gleich 10 (5,1-10).<\/td><\/tr><tr><td class=\"has-text-align-left\" data-align=\"left\">&lt;= 0 || &lt; 10 &amp;&amp; &gt; 5<\/td><td class=\"has-text-align-left\" data-align=\"left\">Alle Werte kleiner gleich null sowie 6-9. Bemerke: Und hat Vorrang vor oder.<\/td><\/tr><tr><td class=\"has-text-align-left\" data-align=\"left\">(&lt;= 0 || &lt; 10) &amp;&amp; &gt; 5<\/td><td class=\"has-text-align-left\" data-align=\"left\">Alle Werte zwischen 6-9. <br>Hinweis: Mit Klammer werden Priorit\u00e4ten gesetzt.<\/td><\/tr><tr><td class=\"has-text-align-left\" data-align=\"left\">!&lt;5<\/td><td class=\"has-text-align-left\" data-align=\"left\">Alle Werte gr\u00f6\u00dfer gleich 5<br>Hinweis: <strong>!<\/strong> negiert den Ausdruck<\/td><\/tr><tr><td class=\"has-text-align-left\" data-align=\"left\">!-<\/td><td class=\"has-text-align-left\" data-align=\"left\">Alle Werte au\u00dfer dem Strich <strong><span class=\"has-inline-color has-vivid-red-color\">&#8211;<\/span><\/strong>&nbsp;(z.B. keine Kosten in der Spalte Kosten EUR)<\/td><\/tr><\/tbody><\/table><\/figure>\n\n\n\n<h2 class=\"wp-block-heading\">Bedingte Formatierung<\/h2>\n\n\n\n<p>Mit dieser Funktion besteht die M\u00f6glichkeit, Zahlen optische hervorzuheben, die eine bestimmte Bedingung erf\u00fcllen. Wichtige Informationen einer Tabelle lassen sich so auf einen Blick erfassen.<\/p>\n\n\n\n<figure class=\"wp-block-image size-large\"><a href=\"\/docs-mcloud\/wp-content\/uploads\/sites\/4\/2020\/12\/Rang-context_visual.png\"><img loading=\"lazy\" decoding=\"async\" width=\"797\" height=\"300\" src=\"\/docs-mcloud\/wp-content\/uploads\/sites\/4\/2020\/12\/Rang-context_visual.png\" alt=\"\" class=\"wp-image-1530\" srcset=\"\/docs-mcloud\/wp-content\/uploads\/sites\/4\/2020\/12\/Rang-context_visual.png 797w, \/docs-mcloud\/wp-content\/uploads\/sites\/4\/2020\/12\/Rang-context_visual-300x113.png 300w, \/docs-mcloud\/wp-content\/uploads\/sites\/4\/2020\/12\/Rang-context_visual-768x289.png 768w\" sizes=\"auto, (max-width: 797px) 100vw, 797px\" \/><\/a><figcaption>Die bedingte Formatierung ist \u00fcber das Kontextmenu verf\u00fcgbar<\/figcaption><\/figure>\n\n\n\n<p>Es k\u00f6nnen mehrere Regeln definiert werden, die von oben nach unten abgearbeitet werden. <\/p>\n\n\n\n<p>Sobald eine Regel greift, wird die Zelle entsprechend eingef\u00e4rbt und die eventuell noch folgenden Regeln ignoriert.<\/p>\n\n\n\n<figure class=\"wp-block-image size-large\"><a href=\"\/docs-mcloud\/wp-content\/uploads\/sites\/4\/2020\/12\/Rang-format.png\"><img loading=\"lazy\" decoding=\"async\" width=\"805\" height=\"508\" src=\"\/docs-mcloud\/wp-content\/uploads\/sites\/4\/2020\/12\/Rang-format.png\" alt=\"\" class=\"wp-image-1540\" srcset=\"\/docs-mcloud\/wp-content\/uploads\/sites\/4\/2020\/12\/Rang-format.png 805w, \/docs-mcloud\/wp-content\/uploads\/sites\/4\/2020\/12\/Rang-format-300x189.png 300w, \/docs-mcloud\/wp-content\/uploads\/sites\/4\/2020\/12\/Rang-format-768x485.png 768w\" sizes=\"auto, (max-width: 805px) 100vw, 805px\" \/><\/a><figcaption>Es wurden drei Regeln definiert.<\/figcaption><\/figure>\n\n\n\n<p>\u00dcber den Button <em>Neu<\/em> lassen sich Bedingungen hinzuf\u00fcgen. <em>Alle entfernen<\/em> l\u00f6scht alle Regeln.<\/p>\n\n\n\n<p>Die Reihenfolge f\u00fcr die Verarbeitung der Bedingungen kann \u00fcber die Pfeiltasten ge\u00e4ndert werden.<\/p>\n\n\n\n<p>Je Regel kann ein konkreter Wert eingeben werden oder ein Quantil spezifiziert werden.<\/p>\n\n\n\n<p>F\u00fcr die Formatierung \u00fcber Quantile werden die Daten der Spalte, die formatiert werden soll, prozentual aufgeteilt. \u00dcber die Auswahl Quantil wird dann der definierte Anteil der Ergebnisse farblich formatiert.<\/p>\n\n\n\n<figure class=\"wp-block-image size-large\"><a href=\"\/docs-mcloud\/wp-content\/uploads\/sites\/4\/2020\/12\/Rang-example_visual.png\"><img loading=\"lazy\" decoding=\"async\" width=\"803\" height=\"334\" src=\"\/docs-mcloud\/wp-content\/uploads\/sites\/4\/2020\/12\/Rang-example_visual.png\" alt=\"\" class=\"wp-image-1538\" srcset=\"\/docs-mcloud\/wp-content\/uploads\/sites\/4\/2020\/12\/Rang-example_visual.png 803w, \/docs-mcloud\/wp-content\/uploads\/sites\/4\/2020\/12\/Rang-example_visual-300x125.png 300w, \/docs-mcloud\/wp-content\/uploads\/sites\/4\/2020\/12\/Rang-example_visual-768x319.png 768w\" sizes=\"auto, (max-width: 803px) 100vw, 803px\" \/><\/a><figcaption>Anwendungsbeispiel<\/figcaption><\/figure>\n\n\n\n<p>Gr\u00f6\u00dfer oder gleich 75%:&nbsp; Die h\u00f6chsten 25% aller in der Spalte befindlichen Werte werden gr\u00fcn eingef\u00e4rbt<\/p>\n\n\n\n<p>Kleiner oder gleich 25%: Die niedrigsten 25% der Werte werden rot eingef\u00e4rbt<\/p>\n\n\n\n<p>Der Wert 273 wird gelb eingef\u00e4rbt.<\/p>\n\n\n\n<h2 class=\"wp-block-heading\">Histogramme<\/h2>\n\n\n\n<p>\u00dcber das Kontextmenu Eigenschaften kann f\u00fcr jede Spalte eine grafische Darstellung der Werte aktiviert werden.<\/p>\n\n\n\n<figure class=\"wp-block-image size-large\"><a href=\"\/docs-mcloud\/wp-content\/uploads\/sites\/4\/2020\/12\/Rang-histogramm.png\"><img loading=\"lazy\" decoding=\"async\" width=\"806\" height=\"407\" src=\"\/docs-mcloud\/wp-content\/uploads\/sites\/4\/2020\/12\/Rang-histogramm.png\" alt=\"\" class=\"wp-image-1671\" srcset=\"\/docs-mcloud\/wp-content\/uploads\/sites\/4\/2020\/12\/Rang-histogramm.png 806w, \/docs-mcloud\/wp-content\/uploads\/sites\/4\/2020\/12\/Rang-histogramm-300x151.png 300w, \/docs-mcloud\/wp-content\/uploads\/sites\/4\/2020\/12\/Rang-histogramm-768x388.png 768w\" sizes=\"auto, (max-width: 806px) 100vw, 806px\" \/><\/a><figcaption>Netto Reichweite % mit aktiviertem Histogramm und Sortierung<\/figcaption><\/figure>\n\n\n\n<h2 class=\"wp-block-heading\">Eigene Medien hervorheben<\/h2>\n\n\n\n<p>\u00dcber die Auswahl <a href=\"\/docs-mcloud\/hilfe\/allgemeine-einstellungen\/eigene-medien\/\">Eigene Medien<\/a> im Reiter Einstellungen werden diejenigen Medien festgelegt, die studien\u00fcbergreifend in der Rangreihe hervorgehoben werden sollen.<\/p>\n","protected":false},"excerpt":{"rendered":"<p>Die Rangreihe kann analog zur Tabellierung individuell angepasst werden. Medien k\u00f6nnen sortiert, Wertebereiche gefiltert und bedingte Formatierungen eingerichtet werden. Spezifisch f\u00fcr die Rangreihe ist die Darstellung von Histogrammen. Sortieren Wertebereiche filtern \u00dcber die Eingabe einer Bedingung im Feld Filter unterhalb des Leistungswertes werden die Zeilen der Tabelle eingeschr\u00e4nkt. Beispiele von Bedingungen: Ausdruck Beschreibung &lt; 20 [&hellip;]<\/p>\n","protected":false},"author":4,"featured_media":0,"parent":659,"menu_order":4,"comment_status":"closed","ping_status":"closed","template":"","meta":{"_acf_changed":false,"inline_featured_image":false,"footnotes":""},"class_list":["post-1059","page","type-page","status-publish","hentry"],"acf":[],"_links":{"self":[{"href":"\/docs-mcloud\/wp-json\/wp\/v2\/pages\/1059","targetHints":{"allow":["GET"]}}],"collection":[{"href":"\/docs-mcloud\/wp-json\/wp\/v2\/pages"}],"about":[{"href":"\/docs-mcloud\/wp-json\/wp\/v2\/types\/page"}],"author":[{"embeddable":true,"href":"\/docs-mcloud\/wp-json\/wp\/v2\/users\/4"}],"replies":[{"embeddable":true,"href":"\/docs-mcloud\/wp-json\/wp\/v2\/comments?post=1059"}],"version-history":[{"count":29,"href":"\/docs-mcloud\/wp-json\/wp\/v2\/pages\/1059\/revisions"}],"predecessor-version":[{"id":2011,"href":"\/docs-mcloud\/wp-json\/wp\/v2\/pages\/1059\/revisions\/2011"}],"up":[{"embeddable":true,"href":"\/docs-mcloud\/wp-json\/wp\/v2\/pages\/659"}],"wp:attachment":[{"href":"\/docs-mcloud\/wp-json\/wp\/v2\/media?parent=1059"}],"curies":[{"name":"wp","href":"https:\/\/api.w.org\/{rel}","templated":true}]}}