{"id":50,"date":"2020-09-28T12:12:51","date_gmt":"2020-09-28T12:12:51","guid":{"rendered":"\/docs-gik-b4p\/wertebereich-filtern\/"},"modified":"2020-12-15T08:26:47","modified_gmt":"2020-12-15T08:26:47","slug":"wertebereich-filtern","status":"publish","type":"page","link":"\/docs-gik-b4p\/hilfe\/tabellierung\/auswertung-bearbeiten\/wertebereich-filtern\/","title":{"rendered":"Wertebereich filtern"},"content":{"rendered":"\n<p>\u00dcber die Eingabe einer Bedingung im Feld <em>Filter <\/em>unterhalb des Leistungswertes wird die Tabelle gem\u00e4\u00df der Vorgabe reduziert.<\/p>\n\n\n\n<figure class=\"wp-block-image size-large\"><a href=\"\/docs-gik-b4p\/wp-content\/uploads\/sites\/3\/2020\/10\/AuswertungBearbeiten18.png\"><img loading=\"lazy\" decoding=\"async\" width=\"619\" height=\"444\" src=\"\/docs-gik-b4p\/wp-content\/uploads\/sites\/3\/2020\/10\/AuswertungBearbeiten18.png\" alt=\"\" class=\"wp-image-242\" srcset=\"\/docs-gik-b4p\/wp-content\/uploads\/sites\/3\/2020\/10\/AuswertungBearbeiten18.png 619w, \/docs-gik-b4p\/wp-content\/uploads\/sites\/3\/2020\/10\/AuswertungBearbeiten18-300x215.png 300w\" sizes=\"auto, (max-width: 619px) 100vw, 619px\" \/><\/a><\/figure>\n\n\n\n<h2 class=\"wp-block-heading\">Folgende Bedingungen sind m\u00f6glich:<\/h2>\n\n\n\n<figure class=\"wp-block-table is-style-stripes\"><table><thead><tr><th>Ausdruck<\/th><th>Beschreibung<\/th><\/tr><\/thead><tbody><tr><td>&lt;20<\/td><td>Alle Werte kleiner 20<\/td><\/tr><tr><td>&gt;=20<\/td><td>Alle Werte gr\u00f6\u00dfer oder gleich 20<\/td><\/tr><tr><td>&gt;5 &amp;&amp; &lt;= 10<\/td><td>Alle Werte, welche gr\u00f6\u00dfer als 5 sind und kleiner gleich 10 (5,1-10).<\/td><\/tr><tr><td>&lt;= 1 || &lt; 10 &amp;&amp; &gt; 5<\/td><td>Alle Werte kleiner gleich 1 sowie 6-9. Bemerke: Und hat Vorrang vor oder.<\/td><\/tr><tr><td>!&lt;5<\/td><td>Alle Werte gr\u00f6\u00dfer gleich 5<\/td><\/tr><tr><td>!-<\/td><td>Alle Werte au\u00dfer Strich &#8211; (z.B. keine Kosten in der Spalte Kosten EUR)<\/td><\/tr><\/tbody><\/table><\/figure>\n\n\n\n<div class=\"wp-block-media-text alignwide is-stacked-on-mobile\"><figure class=\"wp-block-media-text__media\"><a href=\"\/docs-gik-b4p\/wp-content\/uploads\/sites\/3\/2020\/10\/AuswertungBearbeiten19.png\"><img loading=\"lazy\" decoding=\"async\" width=\"421\" height=\"293\" src=\"\/docs-gik-b4p\/wp-content\/uploads\/sites\/3\/2020\/10\/AuswertungBearbeiten19.png\" alt=\"\" class=\"wp-image-247 size-full\" srcset=\"\/docs-gik-b4p\/wp-content\/uploads\/sites\/3\/2020\/10\/AuswertungBearbeiten19.png 421w, \/docs-gik-b4p\/wp-content\/uploads\/sites\/3\/2020\/10\/AuswertungBearbeiten19-300x209.png 300w\" sizes=\"auto, (max-width: 421px) 100vw, 421px\" \/><\/a><\/figure><div class=\"wp-block-media-text__content\">\n<p>\u00dcber das Kontextmen\u00fc k\u00f6nnen die gefilterten Zeilen aus der Auswertung gel\u00f6scht werden.<\/p>\n<\/div><\/div>\n","protected":false},"excerpt":{"rendered":"<p>\u00dcber die Eingabe einer Bedingung im Feld Filter unterhalb des Leistungswertes wird die Tabelle gem\u00e4\u00df der Vorgabe reduziert. Folgende Bedingungen sind m\u00f6glich: Ausdruck Beschreibung &lt;20 Alle Werte kleiner 20 &gt;=20 Alle Werte gr\u00f6\u00dfer oder gleich 20 &gt;5 &amp;&amp; &lt;= 10 Alle Werte, welche gr\u00f6\u00dfer als 5 sind und kleiner gleich 10 (5,1-10). &lt;= 1 || [&hellip;]<\/p>\n","protected":false},"author":1,"featured_media":0,"parent":41,"menu_order":3,"comment_status":"closed","ping_status":"closed","template":"","meta":{"_acf_changed":false,"inline_featured_image":false,"footnotes":""},"class_list":["post-50","page","type-page","status-publish","hentry"],"acf":[],"_links":{"self":[{"href":"\/docs-gik-b4p\/wp-json\/wp\/v2\/pages\/50","targetHints":{"allow":["GET"]}}],"collection":[{"href":"\/docs-gik-b4p\/wp-json\/wp\/v2\/pages"}],"about":[{"href":"\/docs-gik-b4p\/wp-json\/wp\/v2\/types\/page"}],"author":[{"embeddable":true,"href":"\/docs-gik-b4p\/wp-json\/wp\/v2\/users\/1"}],"replies":[{"embeddable":true,"href":"\/docs-gik-b4p\/wp-json\/wp\/v2\/comments?post=50"}],"version-history":[{"count":9,"href":"\/docs-gik-b4p\/wp-json\/wp\/v2\/pages\/50\/revisions"}],"predecessor-version":[{"id":848,"href":"\/docs-gik-b4p\/wp-json\/wp\/v2\/pages\/50\/revisions\/848"}],"up":[{"embeddable":true,"href":"\/docs-gik-b4p\/wp-json\/wp\/v2\/pages\/41"}],"wp:attachment":[{"href":"\/docs-gik-b4p\/wp-json\/wp\/v2\/media?parent=50"}],"curies":[{"name":"wp","href":"https:\/\/api.w.org\/{rel}","templated":true}]}}