{"id":49,"date":"2020-09-28T12:12:51","date_gmt":"2020-09-28T12:12:51","guid":{"rendered":"\/docs-gik-b4p\/generator-automatische-verknuepfung-von-merkmalen\/"},"modified":"2023-11-14T11:03:43","modified_gmt":"2023-11-14T11:03:43","slug":"generator-automatische-verknuepfung-von-merkmalen","status":"publish","type":"page","link":"\/docs-gik-b4p\/hilfe\/tabellierung\/auswertung-bearbeiten\/generator-automatische-verknuepfung-von-merkmalen\/","title":{"rendered":"Generator &#8211; Automatische Verkn\u00fcpfung von Merkmalen"},"content":{"rendered":"\n<p>Der Generator dient der automatischen Verkn\u00fcpfung von bis zu drei Definitionen und bietet damit vielf\u00e4ltige Erleichterungen bei der Erstellung von Auswertungsinhalten und Zielgruppen. <\/p>\n\n\n\n<p>Innerhalb des jeweiligen Merkmalfensters k\u00f6nnen auch verschiedene Variablen per Drag &amp; Drop hinzugef\u00fcgt werden.<\/p>\n\n\n\n<p>Selektieren Sie die gew\u00fcnschten Merkmale und f\u00fcgen Sie diese in die Merkmalsspalten ein. \u00dcber den Button <em>Hinzuf\u00fcgen<\/em> wechseln Sie zur\u00fcck in die Tabellenansicht: die neuen Zielgruppen werden am Tabellenende eingef\u00fcgt.<\/p>\n\n\n\n<p>Zwei Varianten der Verkn\u00fcpfung sind m\u00f6glich:<\/p>\n\n\n\n<h2 class=\"wp-block-heading\">Top Box<\/h2>\n\n\n\n<p>Eine Top Box kann f\u00fcr Merkmale mit gleichen Antwortkategorien gebildet werden.<\/p>\n\n\n\n<p>M\u00f6gliche Anwendungen:<\/p>\n\n\n\n<ul class=\"wp-block-list\">\n<li>Note 1 oder 2 zusammenfassen<\/li>\n\n\n\n<li>Verbrauchsintensit\u00e4t t\u00e4glich ODER mehrmals pro Woche<\/li>\n\n\n\n<li>K\u00e4ufer ODER Verwender eines Produktes<\/li>\n\n\n\n<li>K\u00e4ufer UND gleichzeitig Verwender eines Produktes<\/li>\n<\/ul>\n\n\n\n<figure class=\"wp-block-image size-large\"><a href=\"\/docs-gik-b4p\/wp-content\/uploads\/sites\/3\/2020\/10\/AuswertungBearbeiten13.png\"><img loading=\"lazy\" decoding=\"async\" width=\"911\" height=\"420\" src=\"\/docs-gik-b4p\/wp-content\/uploads\/sites\/3\/2020\/10\/AuswertungBearbeiten13.png\" alt=\"\" class=\"wp-image-233\" srcset=\"\/docs-gik-b4p\/wp-content\/uploads\/sites\/3\/2020\/10\/AuswertungBearbeiten13.png 911w, \/docs-gik-b4p\/wp-content\/uploads\/sites\/3\/2020\/10\/AuswertungBearbeiten13-300x138.png 300w, \/docs-gik-b4p\/wp-content\/uploads\/sites\/3\/2020\/10\/AuswertungBearbeiten13-768x354.png 768w\" sizes=\"auto, (max-width: 911px) 100vw, 911px\" \/><\/a><figcaption class=\"wp-element-caption\">Verbrauchsintensit\u00e4t Colagetr\u00e4nke t\u00e4glich\/ mehrmals pro Woche<\/figcaption><\/figure>\n\n\n\n<p>Nur wenn die Bildung einer Top Box m\u00f6glich ist, wird die Checkbox eingeblendet.<\/p>\n\n\n\n<figure class=\"wp-block-image size-large\"><a href=\"\/docs-gik-b4p\/wp-content\/uploads\/sites\/3\/2020\/10\/generator2.png\"><img loading=\"lazy\" decoding=\"async\" width=\"1024\" height=\"263\" src=\"\/docs-gik-b4p\/wp-content\/uploads\/sites\/3\/2020\/10\/generator2-1024x263.png\" alt=\"\" class=\"wp-image-611\" srcset=\"\/docs-gik-b4p\/wp-content\/uploads\/sites\/3\/2020\/10\/generator2-1024x263.png 1024w, \/docs-gik-b4p\/wp-content\/uploads\/sites\/3\/2020\/10\/generator2-300x77.png 300w, \/docs-gik-b4p\/wp-content\/uploads\/sites\/3\/2020\/10\/generator2-768x198.png 768w, \/docs-gik-b4p\/wp-content\/uploads\/sites\/3\/2020\/10\/generator2.png 1306w\" sizes=\"auto, (max-width: 1024px) 100vw, 1024px\" \/><\/a><\/figure>\n\n\n\n<div style=\"height:39px\" aria-hidden=\"true\" class=\"wp-block-spacer\"><\/div>\n\n\n\n<figure class=\"wp-block-image size-large\"><a href=\"\/docs-gik-b4p\/wp-content\/uploads\/sites\/3\/2020\/10\/AuswertungBearbeiten14a.png\"><img loading=\"lazy\" decoding=\"async\" width=\"416\" height=\"509\" src=\"\/docs-gik-b4p\/wp-content\/uploads\/sites\/3\/2020\/10\/AuswertungBearbeiten14a.png\" alt=\"\" class=\"wp-image-237\" srcset=\"\/docs-gik-b4p\/wp-content\/uploads\/sites\/3\/2020\/10\/AuswertungBearbeiten14a.png 416w, \/docs-gik-b4p\/wp-content\/uploads\/sites\/3\/2020\/10\/AuswertungBearbeiten14a-245x300.png 245w\" sizes=\"auto, (max-width: 416px) 100vw, 416px\" \/><\/a><\/figure>\n\n\n\n<h2 class=\"wp-block-heading\">Kreuzverkn\u00fcpfung von Merkmalen<\/h2>\n\n\n\n<p>In dieser Variante werden alle Zielgruppen (Zeilen) eines Merkmals mit allen Zielgruppen (Zeilen) eines weiteren Merkmals verkn\u00fcpft. Der Verkn\u00fcpfungsoperator ist frei w\u00e4hlbar.<\/p>\n\n\n\n<div class=\"wp-block-columns is-layout-flex wp-container-core-columns-is-layout-9d6595d7 wp-block-columns-is-layout-flex\">\n<div class=\"wp-block-column is-layout-flow wp-block-column-is-layout-flow\">\n<figure class=\"wp-block-image size-large\"><a href=\"\/docs-gik-b4p\/wp-content\/uploads\/sites\/3\/2020\/12\/generator_kreuzverknuepfung.png\"><img loading=\"lazy\" decoding=\"async\" width=\"745\" height=\"201\" src=\"\/docs-gik-b4p\/wp-content\/uploads\/sites\/3\/2020\/12\/generator_kreuzverknuepfung.png\" alt=\"\" class=\"wp-image-715\" srcset=\"\/docs-gik-b4p\/wp-content\/uploads\/sites\/3\/2020\/12\/generator_kreuzverknuepfung.png 745w, \/docs-gik-b4p\/wp-content\/uploads\/sites\/3\/2020\/12\/generator_kreuzverknuepfung-300x81.png 300w\" sizes=\"auto, (max-width: 745px) 100vw, 745px\" \/><\/a><figcaption class=\"wp-element-caption\">Verkn\u00fcpfung zweier Merkmale<\/figcaption><\/figure>\n<\/div>\n\n\n\n<div class=\"wp-block-column is-layout-flow wp-block-column-is-layout-flow\">\n<figure class=\"wp-block-image size-large\"><a href=\"\/docs-gik-b4p\/wp-content\/uploads\/sites\/3\/2020\/12\/generator_kreuzverknuepfung_ergebnis.png\"><img loading=\"lazy\" decoding=\"async\" width=\"423\" height=\"278\" src=\"\/docs-gik-b4p\/wp-content\/uploads\/sites\/3\/2020\/12\/generator_kreuzverknuepfung_ergebnis.png\" alt=\"\" class=\"wp-image-717\" srcset=\"\/docs-gik-b4p\/wp-content\/uploads\/sites\/3\/2020\/12\/generator_kreuzverknuepfung_ergebnis.png 423w, \/docs-gik-b4p\/wp-content\/uploads\/sites\/3\/2020\/12\/generator_kreuzverknuepfung_ergebnis-300x197.png 300w\" sizes=\"auto, (max-width: 423px) 100vw, 423px\" \/><\/a><figcaption class=\"wp-element-caption\">Ergebnis Verkn\u00fcpfung zweier Merkmale<\/figcaption><\/figure>\n\n\n\n<p><\/p>\n<\/div>\n<\/div>\n\n\n\n<div class=\"wp-block-columns is-layout-flex wp-container-core-columns-is-layout-9d6595d7 wp-block-columns-is-layout-flex\">\n<div class=\"wp-block-column is-layout-flow wp-block-column-is-layout-flow\">\n<figure class=\"wp-block-image size-large\"><a href=\"\/docs-gik-b4p\/wp-content\/uploads\/sites\/3\/2020\/12\/generator_kreuzverknuepfung2.png\"><img loading=\"lazy\" decoding=\"async\" width=\"744\" height=\"192\" src=\"\/docs-gik-b4p\/wp-content\/uploads\/sites\/3\/2020\/12\/generator_kreuzverknuepfung2.png\" alt=\"\" class=\"wp-image-716\" srcset=\"\/docs-gik-b4p\/wp-content\/uploads\/sites\/3\/2020\/12\/generator_kreuzverknuepfung2.png 744w, \/docs-gik-b4p\/wp-content\/uploads\/sites\/3\/2020\/12\/generator_kreuzverknuepfung2-300x77.png 300w\" sizes=\"auto, (max-width: 744px) 100vw, 744px\" \/><\/a><figcaption class=\"wp-element-caption\">Verkn\u00fcpfung eines Merkmals mit zusammengefassten Zielgruppen<\/figcaption><\/figure>\n<\/div>\n\n\n\n<div class=\"wp-block-column is-layout-flow wp-block-column-is-layout-flow\">\n<figure class=\"wp-block-image size-large\"><a href=\"\/docs-gik-b4p\/wp-content\/uploads\/sites\/3\/2020\/12\/generator_kreuzverknuepfung_ergebnis2.png\"><img loading=\"lazy\" decoding=\"async\" width=\"418\" height=\"296\" src=\"\/docs-gik-b4p\/wp-content\/uploads\/sites\/3\/2020\/12\/generator_kreuzverknuepfung_ergebnis2.png\" alt=\"\" class=\"wp-image-718\" srcset=\"\/docs-gik-b4p\/wp-content\/uploads\/sites\/3\/2020\/12\/generator_kreuzverknuepfung_ergebnis2.png 418w, \/docs-gik-b4p\/wp-content\/uploads\/sites\/3\/2020\/12\/generator_kreuzverknuepfung_ergebnis2-300x212.png 300w\" sizes=\"auto, (max-width: 418px) 100vw, 418px\" \/><\/a><figcaption class=\"wp-element-caption\">Ergebnis Verkn\u00fcpfung eines Merkmals mit zusammengefassten Zielgruppen<\/figcaption><\/figure>\n<\/div>\n<\/div>\n","protected":false},"excerpt":{"rendered":"<p>Der Generator dient der automatischen Verkn\u00fcpfung von bis zu drei Definitionen und bietet damit vielf\u00e4ltige Erleichterungen bei der Erstellung von Auswertungsinhalten und Zielgruppen. Innerhalb des jeweiligen Merkmalfensters k\u00f6nnen auch verschiedene Variablen per Drag &amp; Drop hinzugef\u00fcgt werden. Selektieren Sie die gew\u00fcnschten Merkmale und f\u00fcgen Sie diese in die Merkmalsspalten ein. \u00dcber den Button Hinzuf\u00fcgen wechseln [&hellip;]<\/p>\n","protected":false},"author":1,"featured_media":0,"parent":41,"menu_order":2,"comment_status":"closed","ping_status":"closed","template":"","meta":{"_acf_changed":false,"inline_featured_image":false,"footnotes":""},"class_list":["post-49","page","type-page","status-publish","hentry"],"acf":[],"_links":{"self":[{"href":"\/docs-gik-b4p\/wp-json\/wp\/v2\/pages\/49","targetHints":{"allow":["GET"]}}],"collection":[{"href":"\/docs-gik-b4p\/wp-json\/wp\/v2\/pages"}],"about":[{"href":"\/docs-gik-b4p\/wp-json\/wp\/v2\/types\/page"}],"author":[{"embeddable":true,"href":"\/docs-gik-b4p\/wp-json\/wp\/v2\/users\/1"}],"replies":[{"embeddable":true,"href":"\/docs-gik-b4p\/wp-json\/wp\/v2\/comments?post=49"}],"version-history":[{"count":5,"href":"\/docs-gik-b4p\/wp-json\/wp\/v2\/pages\/49\/revisions"}],"predecessor-version":[{"id":947,"href":"\/docs-gik-b4p\/wp-json\/wp\/v2\/pages\/49\/revisions\/947"}],"up":[{"embeddable":true,"href":"\/docs-gik-b4p\/wp-json\/wp\/v2\/pages\/41"}],"wp:attachment":[{"href":"\/docs-gik-b4p\/wp-json\/wp\/v2\/media?parent=49"}],"curies":[{"name":"wp","href":"https:\/\/api.w.org\/{rel}","templated":true}]}}