{"id":23,"date":"2020-09-28T11:57:51","date_gmt":"2020-09-28T11:57:51","guid":{"rendered":"\/docs-gik-b4p\/loeschen-papierkorb\/"},"modified":"2020-12-15T07:19:47","modified_gmt":"2020-12-15T07:19:47","slug":"loeschen-papierkorb","status":"publish","type":"page","link":"\/docs-gik-b4p\/hilfe\/die-programmoberflaeche\/loeschen-papierkorb\/","title":{"rendered":"L\u00f6schen \/ Papierkorb"},"content":{"rendered":"\n<p>Einzelne Zielgruppen, Merkmale oder Leistungswerte werden zum L\u00f6schen auf den Papierkorb gezogen und damit aus der Auswertung entfernt. Markierte Bereiche k\u00f6nnen in einem Zug auf den Papierkorb gezogen werden.<\/p>\n\n\n\n<p>Sobald ein Merkmal oder Leistungswert mit der Maus bewegt wird, wird der Papierkorb eingeblendet.<\/p>\n\n\n\n<div class=\"wp-block-media-text alignwide is-stacked-on-mobile\"><figure class=\"wp-block-media-text__media\"><a href=\"\/docs-gik-b4p\/wp-content\/uploads\/sites\/3\/2020\/09\/a_Loeschen1.png\"><img loading=\"lazy\" decoding=\"async\" width=\"415\" height=\"288\" src=\"\/docs-gik-b4p\/wp-content\/uploads\/sites\/3\/2020\/09\/a_Loeschen1.png\" alt=\"\" class=\"wp-image-74 size-full\" srcset=\"\/docs-gik-b4p\/wp-content\/uploads\/sites\/3\/2020\/09\/a_Loeschen1.png 415w, \/docs-gik-b4p\/wp-content\/uploads\/sites\/3\/2020\/09\/a_Loeschen1-300x208.png 300w\" sizes=\"auto, (max-width: 415px) 100vw, 415px\" \/><\/a><\/figure><div class=\"wp-block-media-text__content\">\n<p>Das Merkmal Altersgruppen wird auf den Papierkorb gezogen und damit aus der Auswertung entfernt.<\/p>\n<\/div><\/div>\n\n\n\n<div style=\"height:35px\" aria-hidden=\"true\" class=\"wp-block-spacer\"><\/div>\n\n\n\n<div class=\"wp-block-media-text alignwide is-stacked-on-mobile\"><figure class=\"wp-block-media-text__media\"><a href=\"\/docs-gik-b4p\/wp-content\/uploads\/sites\/3\/2020\/09\/a_Loeschen2.png\"><img loading=\"lazy\" decoding=\"async\" width=\"411\" height=\"285\" src=\"\/docs-gik-b4p\/wp-content\/uploads\/sites\/3\/2020\/09\/a_Loeschen2.png\" alt=\"\" class=\"wp-image-75 size-full\" srcset=\"\/docs-gik-b4p\/wp-content\/uploads\/sites\/3\/2020\/09\/a_Loeschen2.png 411w, \/docs-gik-b4p\/wp-content\/uploads\/sites\/3\/2020\/09\/a_Loeschen2-300x208.png 300w\" sizes=\"auto, (max-width: 411px) 100vw, 411px\" \/><\/a><\/figure><div class=\"wp-block-media-text__content\">\n<p>Der Leistungswert F\u00e4lle wird auf den Papierkorb gezogen und damit entfernt.<\/p>\n\n\n\n<p><\/p>\n<\/div><\/div>\n\n\n\n<div style=\"height:42px\" aria-hidden=\"true\" class=\"wp-block-spacer\"><\/div>\n\n\n\n<p>Zus\u00e4tzlich zur L\u00f6schfunktion \u00fcber den Papierkorb haben Sie diese Alternativen<\/p>\n\n\n\n<figure class=\"wp-block-table is-style-stripes\"><table><tbody><tr><td>Eine Zeile aus der Tabelle l\u00f6schen<\/td><td>Klick rechte Maustaste &#8211; L\u00f6schen<br>oder<br>Markieren + [Entf]<\/td><\/tr><tr><td>Merkmale aus der Tabelle l\u00f6schen<\/td><td>Klick rechte Maustaste auf Merkmals\u00fcberschrift &#8211; L\u00f6schen<br>oder<br>[STRG] + Klick rechte Maustaste + [Entf]<\/td><\/tr><tr><td>Gesamte Tabelle l\u00f6schen<br>Vorspalte l\u00f6schen<br>Tabellenkopf l\u00f6schen<\/td><td>Klick rechte Maustaste auf Tabellenfeld Tabellierung &#8211; Tabelle l\u00f6schen<br>Zeilen l\u00f6schen<br>Spalten l\u00f6schen<\/td><\/tr><tr><td>Tabellenfilter auf Gesamt zur\u00fccksetzen<\/td><td>Klick auf das Kreuz in der Zielgruppenzeile<\/td><\/tr><\/tbody><\/table><\/figure>\n","protected":false},"excerpt":{"rendered":"<p>Einzelne Zielgruppen, Merkmale oder Leistungswerte werden zum L\u00f6schen auf den Papierkorb gezogen und damit aus der Auswertung entfernt. Markierte Bereiche k\u00f6nnen in einem Zug auf den Papierkorb gezogen werden. Sobald ein Merkmal oder Leistungswert mit der Maus bewegt wird, wird der Papierkorb eingeblendet. Das Merkmal Altersgruppen wird auf den Papierkorb gezogen und damit aus der [&hellip;]<\/p>\n","protected":false},"author":1,"featured_media":0,"parent":28,"menu_order":6,"comment_status":"closed","ping_status":"closed","template":"","meta":{"_acf_changed":false,"inline_featured_image":false,"footnotes":""},"class_list":["post-23","page","type-page","status-publish","hentry"],"acf":[],"_links":{"self":[{"href":"\/docs-gik-b4p\/wp-json\/wp\/v2\/pages\/23","targetHints":{"allow":["GET"]}}],"collection":[{"href":"\/docs-gik-b4p\/wp-json\/wp\/v2\/pages"}],"about":[{"href":"\/docs-gik-b4p\/wp-json\/wp\/v2\/types\/page"}],"author":[{"embeddable":true,"href":"\/docs-gik-b4p\/wp-json\/wp\/v2\/users\/1"}],"replies":[{"embeddable":true,"href":"\/docs-gik-b4p\/wp-json\/wp\/v2\/comments?post=23"}],"version-history":[{"count":14,"href":"\/docs-gik-b4p\/wp-json\/wp\/v2\/pages\/23\/revisions"}],"predecessor-version":[{"id":813,"href":"\/docs-gik-b4p\/wp-json\/wp\/v2\/pages\/23\/revisions\/813"}],"up":[{"embeddable":true,"href":"\/docs-gik-b4p\/wp-json\/wp\/v2\/pages\/28"}],"wp:attachment":[{"href":"\/docs-gik-b4p\/wp-json\/wp\/v2\/media?parent=23"}],"curies":[{"name":"wp","href":"https:\/\/api.w.org\/{rel}","templated":true}]}}