{"id":168,"date":"2020-10-08T06:19:39","date_gmt":"2020-10-08T06:19:39","guid":{"rendered":"\/docs-gik-b4p\/eigene-medien\/"},"modified":"2020-12-14T15:04:43","modified_gmt":"2020-12-14T15:04:43","slug":"eigene-medien","status":"publish","type":"page","link":"\/docs-gik-b4p\/hilfe\/allgemeine-einstellungen\/eigene-medien\/","title":{"rendered":"Eigene Medien"},"content":{"rendered":"\n<p>\u00dcber die Auswahl <em>Eigene Medien<\/em> werden Medien ausgew\u00e4hlt, die in der Tabellierung farblich hervorgehoben werden sollen.<\/p>\n\n\n\n<div class=\"wp-block-columns is-layout-flex wp-container-core-columns-is-layout-9d6595d7 wp-block-columns-is-layout-flex\">\n<div class=\"wp-block-column is-layout-flow wp-block-column-is-layout-flow\" style=\"flex-basis:66.66%\">\n<figure class=\"wp-block-image size-large\"><a href=\"\/docs-gik-b4p\/wp-content\/uploads\/sites\/3\/2020\/10\/allgemein4-e1602665937514.png\"><img loading=\"lazy\" decoding=\"async\" width=\"791\" height=\"611\" src=\"\/docs-gik-b4p\/wp-content\/uploads\/sites\/3\/2020\/10\/allgemein4-e1602665937514.png\" alt=\"\" class=\"wp-image-491\" srcset=\"\/docs-gik-b4p\/wp-content\/uploads\/sites\/3\/2020\/10\/allgemein4-e1602665937514.png 791w, \/docs-gik-b4p\/wp-content\/uploads\/sites\/3\/2020\/10\/allgemein4-e1602665937514-300x232.png 300w, \/docs-gik-b4p\/wp-content\/uploads\/sites\/3\/2020\/10\/allgemein4-e1602665937514-768x593.png 768w\" sizes=\"auto, (max-width: 791px) 100vw, 791px\" \/><\/a><\/figure>\n<\/div>\n\n\n\n<div class=\"wp-block-column is-layout-flow wp-block-column-is-layout-flow\" style=\"flex-basis:33.33%\">\n<p>Im linken Fenster werden alle Medien der ge\u00f6ffneten Studie angezeigt.<\/p>\n\n\n\n<p>Per Drag &amp; Drop ziehen Sie die gew\u00fcnschten Medien in das rechte Fenster. Es k\u00f6nnen jederzeit weitere Medien hinzugef\u00fcgt oder aus der Liste gel\u00f6scht werden.<\/p>\n<\/div>\n<\/div>\n","protected":false},"excerpt":{"rendered":"<p>\u00dcber die Auswahl Eigene Medien werden Medien ausgew\u00e4hlt, die in der Tabellierung farblich hervorgehoben werden sollen. Im linken Fenster werden alle Medien der ge\u00f6ffneten Studie angezeigt. Per Drag &amp; Drop ziehen Sie die gew\u00fcnschten Medien in das rechte Fenster. Es k\u00f6nnen jederzeit weitere Medien hinzugef\u00fcgt oder aus der Liste gel\u00f6scht werden.<\/p>\n","protected":false},"author":1,"featured_media":0,"parent":34,"menu_order":2,"comment_status":"closed","ping_status":"closed","template":"","meta":{"_acf_changed":false,"inline_featured_image":false,"footnotes":""},"class_list":["post-168","page","type-page","status-publish","hentry"],"acf":[],"_links":{"self":[{"href":"\/docs-gik-b4p\/wp-json\/wp\/v2\/pages\/168","targetHints":{"allow":["GET"]}}],"collection":[{"href":"\/docs-gik-b4p\/wp-json\/wp\/v2\/pages"}],"about":[{"href":"\/docs-gik-b4p\/wp-json\/wp\/v2\/types\/page"}],"author":[{"embeddable":true,"href":"\/docs-gik-b4p\/wp-json\/wp\/v2\/users\/1"}],"replies":[{"embeddable":true,"href":"\/docs-gik-b4p\/wp-json\/wp\/v2\/comments?post=168"}],"version-history":[{"count":7,"href":"\/docs-gik-b4p\/wp-json\/wp\/v2\/pages\/168\/revisions"}],"predecessor-version":[{"id":794,"href":"\/docs-gik-b4p\/wp-json\/wp\/v2\/pages\/168\/revisions\/794"}],"up":[{"embeddable":true,"href":"\/docs-gik-b4p\/wp-json\/wp\/v2\/pages\/34"}],"wp:attachment":[{"href":"\/docs-gik-b4p\/wp-json\/wp\/v2\/media?parent=168"}],"curies":[{"name":"wp","href":"https:\/\/api.w.org\/{rel}","templated":true}]}}