{"id":164,"date":"2020-10-08T06:11:50","date_gmt":"2020-10-08T06:11:50","guid":{"rendered":"\/docs-gik-b4p\/numerische-werte\/"},"modified":"2020-12-14T09:35:13","modified_gmt":"2020-12-14T09:35:13","slug":"numerische-werte","status":"publish","type":"page","link":"\/docs-gik-b4p\/hilfe\/numerische-werte\/","title":{"rendered":"Numerische Werte"},"content":{"rendered":"\n<p>Einzelne Fragen wie Haushaltsnettoeinkommen sind als numerische Variablen im Datensatz abgelegt.<\/p>\n\n\n\n<figure class=\"wp-block-image size-large\"><a href=\"\/docs-gik-b4p\/wp-content\/uploads\/sites\/3\/2020\/10\/ZGLayout8.png\"><img loading=\"lazy\" decoding=\"async\" width=\"415\" height=\"81\" src=\"\/docs-gik-b4p\/wp-content\/uploads\/sites\/3\/2020\/10\/ZGLayout8.png\" alt=\"\" class=\"wp-image-444\" srcset=\"\/docs-gik-b4p\/wp-content\/uploads\/sites\/3\/2020\/10\/ZGLayout8.png 415w, \/docs-gik-b4p\/wp-content\/uploads\/sites\/3\/2020\/10\/ZGLayout8-300x59.png 300w\" sizes=\"auto, (max-width: 415px) 100vw, 415px\" \/><\/a><\/figure>\n\n\n\n<p>Das Symbol \u00d8 bedeutet, dass der ausgewiesene Wert als Durchschnitt \u00fcber alle Eintr\u00e4ge berechnet wurde. Unabh\u00e4ngig von der gew\u00e4hlten Darstellung, wird der Wert immer in der W\u00e4hrung der Variablen ausgewiesen, Einkommen in Euro, Alter in Jahren etc.<\/p>\n\n\n\n<p>Mit Klick auf das das Stift-Symbol \u00f6ffnet sich ein Auswahlfenster mit unterschiedlichen Optionen.<\/p>\n\n\n\n<div class=\"wp-block-columns is-layout-flex wp-container-core-columns-is-layout-9d6595d7 wp-block-columns-is-layout-flex\">\n<div class=\"wp-block-column is-layout-flow wp-block-column-is-layout-flow\">\n<figure class=\"wp-block-image size-large\"><a href=\"\/docs-gik-b4p\/wp-content\/uploads\/sites\/3\/2020\/10\/ZGLayout9.png\"><img loading=\"lazy\" decoding=\"async\" width=\"297\" height=\"422\" src=\"\/docs-gik-b4p\/wp-content\/uploads\/sites\/3\/2020\/10\/ZGLayout9.png\" alt=\"\" class=\"wp-image-446\" srcset=\"\/docs-gik-b4p\/wp-content\/uploads\/sites\/3\/2020\/10\/ZGLayout9.png 297w, \/docs-gik-b4p\/wp-content\/uploads\/sites\/3\/2020\/10\/ZGLayout9-211x300.png 211w\" sizes=\"auto, (max-width: 297px) 100vw, 297px\" \/><\/a><\/figure>\n<\/div>\n\n\n\n<div class=\"wp-block-column is-layout-flow wp-block-column-is-layout-flow\">\n<figure class=\"wp-block-image size-large\"><a href=\"\/docs-gik-b4p\/wp-content\/uploads\/sites\/3\/2020\/10\/ZGLayout10.png\"><img loading=\"lazy\" decoding=\"async\" width=\"415\" height=\"597\" src=\"\/docs-gik-b4p\/wp-content\/uploads\/sites\/3\/2020\/10\/ZGLayout10.png\" alt=\"\" class=\"wp-image-447\" srcset=\"\/docs-gik-b4p\/wp-content\/uploads\/sites\/3\/2020\/10\/ZGLayout10.png 415w, \/docs-gik-b4p\/wp-content\/uploads\/sites\/3\/2020\/10\/ZGLayout10-209x300.png 209w\" sizes=\"auto, (max-width: 415px) 100vw, 415px\" \/><\/a><figcaption>Beispiele numerische Felder: hier pers\u00f6nliches Netto-Einkommen<\/figcaption><\/figure>\n<\/div>\n<\/div>\n\n\n\n<figure class=\"wp-block-table is-style-stripes\"><table><thead><tr><th>Option<\/th><th>Beschreibung<\/th><\/tr><\/thead><tbody><tr><td>Bereich<\/td><td>\u00dcber die Auswahl k\u00f6nnen Sie einen Wertebereich frei definieren, z.B. Alter zwischen 15 und 23 Jahren.<\/td><\/tr><tr><td>Durchschnitt \u00d8<\/td><td>kann entweder inklusive Null oder exklusive Null berechnet werden.<\/td><\/tr><tr><td>Median<\/td><td>ist derjenige Messwert, der genau \u201ein der Mitte\u201c steht, wenn man die Messwerte der Gr\u00f6\u00dfe nach sortiert. Beispielsweise ist f\u00fcr die ungeordnete Urliste 4, 1, 37, 2, 1 der Messwert 2 der Median, der zentrale Wert in der geordneten Urliste 1, 1, 2, 4, 37.<\/td><\/tr><tr><td>Min\/Max<\/td><td>kleinster \/ gr\u00f6\u00dfter Wert<\/td><\/tr><tr><td>Quartil \/ 3. Quartil<\/td><td>Das 1. Quartil (0.25-Quartil) teilt eine der Gr\u00f6\u00dfe nach geordnete Stichprobenliste so in zwei Teile, dass 25% der Werte unterhalb dieses Quartils liegen und der Rest dar\u00fcber. Bei dem 3. Quartil (0.75-Quartil) wird die Liste so geteilt, dass 75% der Werte unterhalb dieses Grenzwertes liegen.<br>1. Quartil: \u00bc aller Personen haben ein pers\u00f6nliches Netto-Einkommen bis zu \u20ac 875,-<br>3. Quartil: \u00be alle Personen haben ein pers\u00f6nliches Netto-Einkommen bis zu \u20ac 2.125,-<\/td><\/tr><tr><td>Brutto<\/td><td>\u00dcber die Option werden alle Werte dieses Merkmals aufaddiert<\/td><\/tr><tr><td>Werteliste<\/td><td>Es \u00f6ffnet sich ein Eingabefeld, in das Werte entweder direkt oder \u00fcber die Zwischenablage eingef\u00fcgt werden k\u00f6nnen, z.B. Gebietsdefinitionen \u00fcber Gemeindekennziffern.<\/td><\/tr><\/tbody><\/table><\/figure>\n","protected":false},"excerpt":{"rendered":"<p>Einzelne Fragen wie Haushaltsnettoeinkommen sind als numerische Variablen im Datensatz abgelegt. Das Symbol \u00d8 bedeutet, dass der ausgewiesene Wert als Durchschnitt \u00fcber alle Eintr\u00e4ge berechnet wurde. Unabh\u00e4ngig von der gew\u00e4hlten Darstellung, wird der Wert immer in der W\u00e4hrung der Variablen ausgewiesen, Einkommen in Euro, Alter in Jahren etc. Mit Klick auf das das Stift-Symbol \u00f6ffnet [&hellip;]<\/p>\n","protected":false},"author":1,"featured_media":0,"parent":6,"menu_order":5,"comment_status":"closed","ping_status":"closed","template":"","meta":{"_acf_changed":false,"inline_featured_image":false,"footnotes":""},"class_list":["post-164","page","type-page","status-publish","hentry"],"acf":[],"_links":{"self":[{"href":"\/docs-gik-b4p\/wp-json\/wp\/v2\/pages\/164","targetHints":{"allow":["GET"]}}],"collection":[{"href":"\/docs-gik-b4p\/wp-json\/wp\/v2\/pages"}],"about":[{"href":"\/docs-gik-b4p\/wp-json\/wp\/v2\/types\/page"}],"author":[{"embeddable":true,"href":"\/docs-gik-b4p\/wp-json\/wp\/v2\/users\/1"}],"replies":[{"embeddable":true,"href":"\/docs-gik-b4p\/wp-json\/wp\/v2\/comments?post=164"}],"version-history":[{"count":5,"href":"\/docs-gik-b4p\/wp-json\/wp\/v2\/pages\/164\/revisions"}],"predecessor-version":[{"id":791,"href":"\/docs-gik-b4p\/wp-json\/wp\/v2\/pages\/164\/revisions\/791"}],"up":[{"embeddable":true,"href":"\/docs-gik-b4p\/wp-json\/wp\/v2\/pages\/6"}],"wp:attachment":[{"href":"\/docs-gik-b4p\/wp-json\/wp\/v2\/media?parent=164"}],"curies":[{"name":"wp","href":"https:\/\/api.w.org\/{rel}","templated":true}]}}