{"id":162,"date":"2020-10-08T06:11:50","date_gmt":"2020-10-08T06:11:50","guid":{"rendered":"\/docs-gik-b4p\/verknuepfungsoperatoren\/"},"modified":"2020-12-14T09:17:17","modified_gmt":"2020-12-14T09:17:17","slug":"verknuepfungsoperatoren","status":"publish","type":"page","link":"\/docs-gik-b4p\/hilfe\/zielgruppe\/zusammengesetzte-zielgruppen\/verknuepfungsoperatoren\/","title":{"rendered":"Verkn\u00fcpfungsoperatoren"},"content":{"rendered":"\n<p>Jeder Zielgruppenbox ist eine Verkn\u00fcpfungslogik zugeordnet, die spezifiziert, mit welcher Operation die in der Box aufgelisteten Eintr\u00e4ge verkn\u00fcpft werden.<\/p>\n\n\n\n<figure class=\"wp-block-image size-large\"><img loading=\"lazy\" decoding=\"async\" width=\"502\" height=\"336\" src=\"\/docs-gik-b4p\/wp-content\/uploads\/sites\/3\/2020\/10\/ZGzusammen2.png\" alt=\"\" class=\"wp-image-406\" srcset=\"\/docs-gik-b4p\/wp-content\/uploads\/sites\/3\/2020\/10\/ZGzusammen2.png 502w, \/docs-gik-b4p\/wp-content\/uploads\/sites\/3\/2020\/10\/ZGzusammen2-300x201.png 300w\" sizes=\"auto, (max-width: 502px) 100vw, 502px\" \/><\/figure>\n\n\n\n<figure class=\"wp-block-table is-style-stripes\"><table><thead><tr><th>Operator<\/th><th><strong>Erl\u00e4uterung und Beispiel<\/strong><\/th><\/tr><\/thead><tbody><tr><td>UND<\/td><td>M\u00e4nner UND gleichzeitig 30-39 Jahre alt<br>UND wirkt immer einschr\u00e4nkend, d. h. die Zielgruppengr\u00f6\u00dfe ist KLEINER oder gleich der Einzel-Zielgruppen.<\/td><\/tr><tr><td>ODER<\/td><td>Personen im Alter von 14 &#8211; 20 ODER Personen im Alter von 20 \u2013 29 Jahren<br>ODER wirkt immer erweiternd d.h. die verkn\u00fcpfte Zielgruppe ist GR\u00d6SSER als eine der Teilzielgruppen<\/td><\/tr><tr><td>Anzahl (X von Y)<\/td><td>Zielgruppe, auf die vorgegebene Anzahl von Merkmalen zutrifft.<br><img loading=\"lazy\" decoding=\"async\" width=\"502\" height=\"279\" class=\"wp-image-416\" style=\"width: 500px\" src=\"\/docs-gik-b4p\/wp-content\/uploads\/sites\/3\/2020\/10\/ZGzusammen3.png\" alt=\"\" srcset=\"\/docs-gik-b4p\/wp-content\/uploads\/sites\/3\/2020\/10\/ZGzusammen3.png 502w, \/docs-gik-b4p\/wp-content\/uploads\/sites\/3\/2020\/10\/ZGzusammen3-300x167.png 300w\" sizes=\"auto, (max-width: 502px) 100vw, 502px\" \/><br>Zum Zielgruppenpotential z\u00e4hlen alle Befragten, f\u00fcr die 3 oder mehr der ausgew\u00e4hlten Merkmale zutreffen (mindestens 3 von 10 verwendete K\u00e4searten).<\/td><\/tr><tr><td>ENTWEDER<br>ODER<\/td><td>Personen die entweder NUR Hartk\u00e4se oder NUR Frischk\u00e4se essen.<br>Man erh\u00e4lt eine Zielgruppe, die sich durch exklusive Merkmale auszeichnet.<br><img loading=\"lazy\" decoding=\"async\" width=\"502\" height=\"268\" class=\"wp-image-417\" style=\"width: 500px\" src=\"\/docs-gik-b4p\/wp-content\/uploads\/sites\/3\/2020\/10\/ZGzusammen4.png\" alt=\"\" srcset=\"\/docs-gik-b4p\/wp-content\/uploads\/sites\/3\/2020\/10\/ZGzusammen4.png 502w, \/docs-gik-b4p\/wp-content\/uploads\/sites\/3\/2020\/10\/ZGzusammen4-300x160.png 300w\" sizes=\"auto, (max-width: 502px) 100vw, 502px\" \/><\/td><\/tr><\/tbody><\/table><\/figure>\n","protected":false},"excerpt":{"rendered":"<p>Jeder Zielgruppenbox ist eine Verkn\u00fcpfungslogik zugeordnet, die spezifiziert, mit welcher Operation die in der Box aufgelisteten Eintr\u00e4ge verkn\u00fcpft werden. Operator Erl\u00e4uterung und Beispiel UND M\u00e4nner UND gleichzeitig 30-39 Jahre altUND wirkt immer einschr\u00e4nkend, d. h. die Zielgruppengr\u00f6\u00dfe ist KLEINER oder gleich der Einzel-Zielgruppen. ODER Personen im Alter von 14 &#8211; 20 ODER Personen im Alter [&hellip;]<\/p>\n","protected":false},"author":1,"featured_media":0,"parent":160,"menu_order":1,"comment_status":"closed","ping_status":"closed","template":"","meta":{"_acf_changed":false,"inline_featured_image":false,"footnotes":""},"class_list":["post-162","page","type-page","status-publish","hentry"],"acf":[],"_links":{"self":[{"href":"\/docs-gik-b4p\/wp-json\/wp\/v2\/pages\/162","targetHints":{"allow":["GET"]}}],"collection":[{"href":"\/docs-gik-b4p\/wp-json\/wp\/v2\/pages"}],"about":[{"href":"\/docs-gik-b4p\/wp-json\/wp\/v2\/types\/page"}],"author":[{"embeddable":true,"href":"\/docs-gik-b4p\/wp-json\/wp\/v2\/users\/1"}],"replies":[{"embeddable":true,"href":"\/docs-gik-b4p\/wp-json\/wp\/v2\/comments?post=162"}],"version-history":[{"count":9,"href":"\/docs-gik-b4p\/wp-json\/wp\/v2\/pages\/162\/revisions"}],"predecessor-version":[{"id":787,"href":"\/docs-gik-b4p\/wp-json\/wp\/v2\/pages\/162\/revisions\/787"}],"up":[{"embeddable":true,"href":"\/docs-gik-b4p\/wp-json\/wp\/v2\/pages\/160"}],"wp:attachment":[{"href":"\/docs-gik-b4p\/wp-json\/wp\/v2\/media?parent=162"}],"curies":[{"name":"wp","href":"https:\/\/api.w.org\/{rel}","templated":true}]}}